{"id":397130,"date":"2026-04-15T19:52:18","date_gmt":"2026-04-15T22:52:18","guid":{"rendered":"https:\/\/galeriaazur.art\/?post_type=product&#038;p=397130"},"modified":"2026-04-20T15:19:36","modified_gmt":"2026-04-20T18:19:36","slug":"atlas","status":"publish","type":"product","link":"https:\/\/galeriaazur.art\/esp\/artwork\/atlas\/","title":{"rendered":"ATLAS"},"content":{"rendered":"<p>Reinterpretaci\u00f3n del m\u00edtico Atlas de la mitolog\u00eda griega, con vestimenta de LV, gafas de sol  Rayban y auriculares de dise\u00f1o, escuchando m\u00fasica, escenificando que lo cl\u00e1sico puede estar ligado a lo moderno y a la moda. Obra pintada en acr\u00edlico, aer\u00f3grafo, marcadores, sprays y resina epoxi sobre madera.<\/p>","protected":false},"excerpt":{"rendered":"<a href=\"https:\/\/galeriaazur.art\/esp\/artist\/juan-carlos-flores-martin\/\">Juan Carlos Flores Martn<\/a>","protected":false},"author":3162,"featured_media":397136,"template":"","meta":{"_et_pb_use_builder":"o","_et_pb_old_content":"","_et_gb_content_width":""},"product_cat":[24],"product_tag":[],"acf":[],"_links":{"self":[{"href":"https:\/\/galeriaazur.art\/esp\/wp-json\/wp\/v2\/product\/397130"}],"collection":[{"href":"https:\/\/galeriaazur.art\/esp\/wp-json\/wp\/v2\/product"}],"about":[{"href":"https:\/\/galeriaazur.art\/esp\/wp-json\/wp\/v2\/types\/product"}],"author":[{"embeddable":true,"href":"https:\/\/galeriaazur.art\/esp\/wp-json\/wp\/v2\/users\/3162"}],"wp:featuredmedia":[{"embeddable":true,"href":"https:\/\/galeriaazur.art\/esp\/wp-json\/wp\/v2\/media\/397136"}],"wp:attachment":[{"href":"https:\/\/galeriaazur.art\/esp\/wp-json\/wp\/v2\/media?parent=397130"}],"wp:term":[{"taxonomy":"product_cat","embeddable":true,"href":"https:\/\/galeriaazur.art\/esp\/wp-json\/wp\/v2\/product_cat?post=397130"},{"taxonomy":"product_tag","embeddable":true,"href":"https:\/\/galeriaazur.art\/esp\/wp-json\/wp\/v2\/product_tag?post=397130"}],"curies":[{"name":"wp","href":"https:\/\/api.w.org\/{rel}","templated":true}]}}