{"id":396256,"date":"2026-04-06T16:43:00","date_gmt":"2026-04-06T19:43:00","guid":{"rendered":"https:\/\/galeriaazur.art\/?post_type=product&#038;p=396256"},"modified":"2026-04-08T17:06:15","modified_gmt":"2026-04-08T20:06:15","slug":"agus-abellan-3","status":"publish","type":"product","link":"https:\/\/galeriaazur.art\/esp\/artwork\/agus-abellan-3\/","title":{"rendered":"Agus Abell\u00e1n"},"content":{"rendered":"<p>Contorsi\u00f3n Angelical, 2025.<br \/>\nPintura acr\u00edlica, \u00f3leo pasteles, l\u00e1pices de colores y pintura en aerosol sobre lienzo<br \/>\n30cm x 40cm.<br \/>\nValor: USD 200<\/p>","protected":false},"excerpt":{"rendered":"<p>Contorsi\u00f3n Angelical, 2025.<br \/>\nPintura acr\u00edlica, \u00f3leo pasteles, l\u00e1pices de colores y pintura en aerosol sobre lienzo<br \/>\n30cm x 40cm.<br \/>\nValor: USD\u00a0 200<\/p>","protected":false},"author":442,"featured_media":396612,"template":"","meta":{"_et_pb_use_builder":"o","_et_pb_old_content":"","_et_gb_content_width":""},"product_cat":[383,472],"product_tag":[],"acf":[],"_links":{"self":[{"href":"https:\/\/galeriaazur.art\/esp\/wp-json\/wp\/v2\/product\/396256"}],"collection":[{"href":"https:\/\/galeriaazur.art\/esp\/wp-json\/wp\/v2\/product"}],"about":[{"href":"https:\/\/galeriaazur.art\/esp\/wp-json\/wp\/v2\/types\/product"}],"author":[{"embeddable":true,"href":"https:\/\/galeriaazur.art\/esp\/wp-json\/wp\/v2\/users\/442"}],"wp:featuredmedia":[{"embeddable":true,"href":"https:\/\/galeriaazur.art\/esp\/wp-json\/wp\/v2\/media\/396612"}],"wp:attachment":[{"href":"https:\/\/galeriaazur.art\/esp\/wp-json\/wp\/v2\/media?parent=396256"}],"wp:term":[{"taxonomy":"product_cat","embeddable":true,"href":"https:\/\/galeriaazur.art\/esp\/wp-json\/wp\/v2\/product_cat?post=396256"},{"taxonomy":"product_tag","embeddable":true,"href":"https:\/\/galeriaazur.art\/esp\/wp-json\/wp\/v2\/product_tag?post=396256"}],"curies":[{"name":"wp","href":"https:\/\/api.w.org\/{rel}","templated":true}]}}