{"id":395803,"date":"2026-04-04T15:56:26","date_gmt":"2026-04-04T18:56:26","guid":{"rendered":"https:\/\/galeriaazur.art\/?post_type=product&#038;p=395803"},"modified":"2026-04-07T12:23:13","modified_gmt":"2026-04-07T15:23:13","slug":"16-suro-luis-miguel-mexico","status":"publish","type":"product","link":"https:\/\/galeriaazur.art\/esp\/artwork\/16-suro-luis-miguel-mexico\/","title":{"rendered":"16\t.\tSuro Luis Miguel (M\u00e9xico)"},"content":{"rendered":"<p>Pluma Bic Punto Fino (Serie Plagios Cotidianos, 1998)<br \/>\nEscultura en cer\u00e1mica esmaltada<br \/>\n70 x 4,5 di\u00e1m.<br \/>\nSin firmar. Serie de 4, sin numerar. Exhibida en Galer\u00eda de Arte Gara. Intercambio con Galer\u00eda B.F15 (Monterrey, M\u00e9xico)<\/p>","protected":false},"excerpt":{"rendered":"<p>Pluma Bic Punto Fino (Serie Plagios Cotidianos, 1998)<br \/>\nEscultura en cer\u00e1mica esmaltada<br \/>\n70 x 4,5 di\u00e1m.<br \/>\nSin firmar. Serie de 4, sin numerar. Exhibida en Galer\u00eda de Arte Gara. Intercambio con Galer\u00eda B.F15 (Monterrey, M\u00e9xico)<\/p>","protected":false},"author":442,"featured_media":395886,"template":"","meta":{"_et_pb_use_builder":"o","_et_pb_old_content":"","_et_gb_content_width":""},"product_cat":[83,22],"product_tag":[],"acf":[],"_links":{"self":[{"href":"https:\/\/galeriaazur.art\/esp\/wp-json\/wp\/v2\/product\/395803"}],"collection":[{"href":"https:\/\/galeriaazur.art\/esp\/wp-json\/wp\/v2\/product"}],"about":[{"href":"https:\/\/galeriaazur.art\/esp\/wp-json\/wp\/v2\/types\/product"}],"author":[{"embeddable":true,"href":"https:\/\/galeriaazur.art\/esp\/wp-json\/wp\/v2\/users\/442"}],"wp:featuredmedia":[{"embeddable":true,"href":"https:\/\/galeriaazur.art\/esp\/wp-json\/wp\/v2\/media\/395886"}],"wp:attachment":[{"href":"https:\/\/galeriaazur.art\/esp\/wp-json\/wp\/v2\/media?parent=395803"}],"wp:term":[{"taxonomy":"product_cat","embeddable":true,"href":"https:\/\/galeriaazur.art\/esp\/wp-json\/wp\/v2\/product_cat?post=395803"},{"taxonomy":"product_tag","embeddable":true,"href":"https:\/\/galeriaazur.art\/esp\/wp-json\/wp\/v2\/product_tag?post=395803"}],"curies":[{"name":"wp","href":"https:\/\/api.w.org\/{rel}","templated":true}]}}