{"id":391679,"date":"2026-01-27T16:55:51","date_gmt":"2026-01-27T19:55:51","guid":{"rendered":"https:\/\/galeriaazur.art\/?post_type=product&#038;p=391679"},"modified":"2026-02-02T13:27:39","modified_gmt":"2026-02-02T16:27:39","slug":"ambivalencia-de-lo-que-no-pide-mas","status":"publish","type":"product","link":"https:\/\/galeriaazur.art\/esp\/artwork\/ambivalencia-de-lo-que-no-pide-mas\/","title":{"rendered":"AMBIVALENCIA DE LO QUE NO PIDE MAS"},"content":{"rendered":"<p>Una vez finalizada, la obra genera una tensi\u00f3n particular: la percepci\u00f3n de estar completa y, al mismo tiempo, el impulso de seguir intervini\u00e9ndola.<br \/>\nTal vez no este mal sostener lo uno y lo otro.<br \/>\nTal vez no todo deba resolverse.<br \/>\nTal vez algunas cosas simplemente son.<\/p>","protected":false},"excerpt":{"rendered":"<a href=\"https:\/\/galeriaazur.art\/esp\/artist\/milagros-jaunsolo-baraibar\/\">Milagros Jaunsolo Baraibar<\/a>","protected":false},"author":3069,"featured_media":391688,"template":"","meta":{"_et_pb_use_builder":"o","_et_pb_old_content":"","_et_gb_content_width":""},"product_cat":[466,24,372],"product_tag":[],"acf":[],"_links":{"self":[{"href":"https:\/\/galeriaazur.art\/esp\/wp-json\/wp\/v2\/product\/391679"}],"collection":[{"href":"https:\/\/galeriaazur.art\/esp\/wp-json\/wp\/v2\/product"}],"about":[{"href":"https:\/\/galeriaazur.art\/esp\/wp-json\/wp\/v2\/types\/product"}],"author":[{"embeddable":true,"href":"https:\/\/galeriaazur.art\/esp\/wp-json\/wp\/v2\/users\/3069"}],"wp:featuredmedia":[{"embeddable":true,"href":"https:\/\/galeriaazur.art\/esp\/wp-json\/wp\/v2\/media\/391688"}],"wp:attachment":[{"href":"https:\/\/galeriaazur.art\/esp\/wp-json\/wp\/v2\/media?parent=391679"}],"wp:term":[{"taxonomy":"product_cat","embeddable":true,"href":"https:\/\/galeriaazur.art\/esp\/wp-json\/wp\/v2\/product_cat?post=391679"},{"taxonomy":"product_tag","embeddable":true,"href":"https:\/\/galeriaazur.art\/esp\/wp-json\/wp\/v2\/product_tag?post=391679"}],"curies":[{"name":"wp","href":"https:\/\/api.w.org\/{rel}","templated":true}]}}

<p>Una vez finalizada, la obra genera una tensión particular: la percepción de estar completa y, al mismo tiempo, el impulso de seguir interviniéndola.<br />
Tal vez no este mal sostener lo uno y lo otro.<br />
Tal vez no todo deba resolverse.<br />
Tal vez algunas cosas simplemente son.</p>
