{"id":390649,"date":"2026-01-13T15:48:19","date_gmt":"2026-01-13T18:48:19","guid":{"rendered":"https:\/\/galeriaazur.art\/?post_type=product&#038;p=390649"},"modified":"2026-01-13T15:48:19","modified_gmt":"2026-01-13T18:48:19","slug":"reduccion","status":"publish","type":"product","link":"https:\/\/galeriaazur.art\/esp\/artwork\/reduccion\/","title":{"rendered":"Reducci\u00f3n"},"content":{"rendered":"<p data-start=\"4225\" data-end=\"4328\"><strong data-start=\"4225\" data-end=\"4243\">RAMIRO COLINET<\/strong><br data-start=\"4243\" data-end=\"4246\" \/>Reducci\u00f3n (2024)<br data-start=\"4262\" data-end=\"4265\" \/>Pasta cer\u00e1mica, \u00f3xidos y pigmentos, t\u00e9cnica Rak\u00fa<br data-start=\"4313\" data-end=\"4316\" \/>22 x 14 cm<\/p>\n<p data-start=\"4330\" data-end=\"4346\">Valor: USD 300<\/p>","protected":false},"excerpt":{"rendered":"<p data-start=\"4225\" data-end=\"4328\"><strong data-start=\"4225\" data-end=\"4243\">RAMIRO COLINET<\/strong><br data-start=\"4243\" data-end=\"4246\" \/>Reducci\u00f3n (2024)<br data-start=\"4262\" data-end=\"4265\" \/>Pasta cer\u00e1mica, \u00f3xidos y pigmentos, t\u00e9cnica Rak\u00fa<br data-start=\"4313\" data-end=\"4316\" \/>22 x 14 cm<\/p>\n<p data-start=\"4330\" data-end=\"4346\">Valor: USD 300<\/p>","protected":false},"author":442,"featured_media":390582,"template":"","meta":{"_et_pb_use_builder":"o","_et_pb_old_content":"","_et_gb_content_width":""},"product_cat":[383,463],"product_tag":[],"acf":[],"_links":{"self":[{"href":"https:\/\/galeriaazur.art\/esp\/wp-json\/wp\/v2\/product\/390649"}],"collection":[{"href":"https:\/\/galeriaazur.art\/esp\/wp-json\/wp\/v2\/product"}],"about":[{"href":"https:\/\/galeriaazur.art\/esp\/wp-json\/wp\/v2\/types\/product"}],"author":[{"embeddable":true,"href":"https:\/\/galeriaazur.art\/esp\/wp-json\/wp\/v2\/users\/442"}],"wp:featuredmedia":[{"embeddable":true,"href":"https:\/\/galeriaazur.art\/esp\/wp-json\/wp\/v2\/media\/390582"}],"wp:attachment":[{"href":"https:\/\/galeriaazur.art\/esp\/wp-json\/wp\/v2\/media?parent=390649"}],"wp:term":[{"taxonomy":"product_cat","embeddable":true,"href":"https:\/\/galeriaazur.art\/esp\/wp-json\/wp\/v2\/product_cat?post=390649"},{"taxonomy":"product_tag","embeddable":true,"href":"https:\/\/galeriaazur.art\/esp\/wp-json\/wp\/v2\/product_tag?post=390649"}],"curies":[{"name":"wp","href":"https:\/\/api.w.org\/{rel}","templated":true}]}}