{"id":390585,"date":"2026-01-13T14:55:40","date_gmt":"2026-01-13T17:55:40","guid":{"rendered":"https:\/\/galeriaazur.art\/?post_type=product&#038;p=390585"},"modified":"2026-01-13T14:55:40","modified_gmt":"2026-01-13T17:55:40","slug":"chroma-morphose-no-8323","status":"publish","type":"product","link":"https:\/\/galeriaazur.art\/esp\/artwork\/chroma-morphose-no-8323\/","title":{"rendered":"Chroma morphose No. 8323"},"content":{"rendered":"<p data-start=\"1359\" data-end=\"1497\"><strong data-start=\"1359\" data-end=\"1384\">CRISTINA MATOS ALBERS<\/strong><br data-start=\"1384\" data-end=\"1387\" \/>Chroma morphose No. 8323 (2024)<br data-start=\"1418\" data-end=\"1421\" \/>Gicl\u00e9e print, Luster fine art libre de \u00e1cido, edici\u00f3n abierta<br data-start=\"1482\" data-end=\"1485\" \/>24 x 24 cm<\/p>\n<p data-start=\"1499\" data-end=\"1515\">Valor: USD 400<\/p>","protected":false},"excerpt":{"rendered":"<p data-start=\"1359\" data-end=\"1497\"><strong data-start=\"1359\" data-end=\"1384\">CRISTINA MATOS ALBERS<\/strong><br data-start=\"1384\" data-end=\"1387\" \/>Chroma morphose No. 8323 (2024)<br data-start=\"1418\" data-end=\"1421\" \/>Gicl\u00e9e print, Luster fine art libre de \u00e1cido, edici\u00f3n abierta<br data-start=\"1482\" data-end=\"1485\" \/>24 x 24 cm<\/p>\n<p data-start=\"1499\" data-end=\"1515\">Valor: USD 400<\/p>\n<p data-start=\"1336\" data-end=\"1352\">Valor: USD 400<\/p>","protected":false},"author":442,"featured_media":390561,"template":"","meta":{"_et_pb_use_builder":"o","_et_pb_old_content":"","_et_gb_content_width":""},"product_cat":[383,463],"product_tag":[],"acf":[],"_links":{"self":[{"href":"https:\/\/galeriaazur.art\/esp\/wp-json\/wp\/v2\/product\/390585"}],"collection":[{"href":"https:\/\/galeriaazur.art\/esp\/wp-json\/wp\/v2\/product"}],"about":[{"href":"https:\/\/galeriaazur.art\/esp\/wp-json\/wp\/v2\/types\/product"}],"author":[{"embeddable":true,"href":"https:\/\/galeriaazur.art\/esp\/wp-json\/wp\/v2\/users\/442"}],"wp:featuredmedia":[{"embeddable":true,"href":"https:\/\/galeriaazur.art\/esp\/wp-json\/wp\/v2\/media\/390561"}],"wp:attachment":[{"href":"https:\/\/galeriaazur.art\/esp\/wp-json\/wp\/v2\/media?parent=390585"}],"wp:term":[{"taxonomy":"product_cat","embeddable":true,"href":"https:\/\/galeriaazur.art\/esp\/wp-json\/wp\/v2\/product_cat?post=390585"},{"taxonomy":"product_tag","embeddable":true,"href":"https:\/\/galeriaazur.art\/esp\/wp-json\/wp\/v2\/product_tag?post=390585"}],"curies":[{"name":"wp","href":"https:\/\/api.w.org\/{rel}","templated":true}]}}