{"id":387571,"date":"2025-11-20T17:24:04","date_gmt":"2025-11-20T20:24:04","guid":{"rendered":"https:\/\/galeriaazur.art\/?post_type=product&#038;p=387571"},"modified":"2025-12-01T08:41:01","modified_gmt":"2025-12-01T11:41:01","slug":"wine-flower-malbec-2","status":"publish","type":"product","link":"https:\/\/galeriaazur.art\/esp\/artwork\/wine-flower-malbec-2\/","title":{"rendered":"Wine Flower Malbec"},"content":{"rendered":"<p>Como las ra\u00edces bajo la tierra est\u00e1n en labor constante y silenciosa,  mis manos acompa\u00f1an ese proceso <br \/>\na la luz de la superficie sobre la tierra para darle vida y forma con cada fibra a estas flores imaginarias que surgen de los vi\u00f1edos.<br \/>\nFibras Mixtas.Tecnica Telar. Estructura de aluminio\t\t\t<br \/>\n100 cm extremidades irregulares.\t<br \/>\n&#8212;&#8212;&#8212;&#8212;&#8212;&#8212;&#8212;&#8212;&#8212;&#8212;&#8212;&#8212;&#8212;<br \/>\nAs the roots under the earth are in constant and silent work, my hands accompany this process <br \/>\nin the light of the surface above the earth to give life with each fiber to these imaginary flowers that emerge from the vineyards.<br \/>\nMixed Fibers. Loom Technique. Aluminum Frame<br \/>\n100 cm irregular ends.<\/p>","protected":false},"excerpt":{"rendered":"<a href=\"https:\/\/galeriaazur.art\/esp\/artist\/analia-arcuri\/\">Ani Arcuri<\/a>","protected":false},"author":2512,"featured_media":387572,"template":"","meta":{"_et_pb_use_builder":"o","_et_pb_old_content":"","_et_gb_content_width":""},"product_cat":[101,372,455],"product_tag":[],"acf":[],"_links":{"self":[{"href":"https:\/\/galeriaazur.art\/esp\/wp-json\/wp\/v2\/product\/387571"}],"collection":[{"href":"https:\/\/galeriaazur.art\/esp\/wp-json\/wp\/v2\/product"}],"about":[{"href":"https:\/\/galeriaazur.art\/esp\/wp-json\/wp\/v2\/types\/product"}],"author":[{"embeddable":true,"href":"https:\/\/galeriaazur.art\/esp\/wp-json\/wp\/v2\/users\/2512"}],"wp:featuredmedia":[{"embeddable":true,"href":"https:\/\/galeriaazur.art\/esp\/wp-json\/wp\/v2\/media\/387572"}],"wp:attachment":[{"href":"https:\/\/galeriaazur.art\/esp\/wp-json\/wp\/v2\/media?parent=387571"}],"wp:term":[{"taxonomy":"product_cat","embeddable":true,"href":"https:\/\/galeriaazur.art\/esp\/wp-json\/wp\/v2\/product_cat?post=387571"},{"taxonomy":"product_tag","embeddable":true,"href":"https:\/\/galeriaazur.art\/esp\/wp-json\/wp\/v2\/product_tag?post=387571"}],"curies":[{"name":"wp","href":"https:\/\/api.w.org\/{rel}","templated":true}]}}