{"id":381754,"date":"2025-09-22T08:22:32","date_gmt":"2025-09-22T11:22:32","guid":{"rendered":"https:\/\/galeriaazur.art\/?post_type=product&#038;p=381754"},"modified":"2025-09-23T11:18:55","modified_gmt":"2025-09-23T14:18:55","slug":"enigma-del-nome","status":"publish","type":"product","link":"https:\/\/galeriaazur.art\/esp\/artwork\/enigma-del-nome\/","title":{"rendered":"Enigma del nome"},"content":{"rendered":"<p>In una tela onirica e leggera \u00e8 rappresentato l&#039;enigma del mio nome, della mia identit\u00e0. Un essere che si trasforma, che si fa fragile, comprendendo la sua solitudine e il suo dolore pi\u00f9 profondo, che raggiunge le ossa. Il tutto \u00e8 immerso in un candido color rosa, che spezza i toni scuri usati negli altri quadri. Un colore che si fa emozione, lacrime, aura. Un dolore che si fa colore, goccia, anima.<\/p>","protected":false},"excerpt":{"rendered":"<a href=\"https:\/\/galeriaazur.art\/esp\/artist\/alice-de-santis\/\">Alice Margherita<\/a>","protected":false},"author":2925,"featured_media":381755,"template":"","meta":{"_et_pb_use_builder":"o","_et_pb_old_content":"","_et_gb_content_width":""},"product_cat":[24,437],"product_tag":[],"acf":[],"_links":{"self":[{"href":"https:\/\/galeriaazur.art\/esp\/wp-json\/wp\/v2\/product\/381754"}],"collection":[{"href":"https:\/\/galeriaazur.art\/esp\/wp-json\/wp\/v2\/product"}],"about":[{"href":"https:\/\/galeriaazur.art\/esp\/wp-json\/wp\/v2\/types\/product"}],"author":[{"embeddable":true,"href":"https:\/\/galeriaazur.art\/esp\/wp-json\/wp\/v2\/users\/2925"}],"wp:featuredmedia":[{"embeddable":true,"href":"https:\/\/galeriaazur.art\/esp\/wp-json\/wp\/v2\/media\/381755"}],"wp:attachment":[{"href":"https:\/\/galeriaazur.art\/esp\/wp-json\/wp\/v2\/media?parent=381754"}],"wp:term":[{"taxonomy":"product_cat","embeddable":true,"href":"https:\/\/galeriaazur.art\/esp\/wp-json\/wp\/v2\/product_cat?post=381754"},{"taxonomy":"product_tag","embeddable":true,"href":"https:\/\/galeriaazur.art\/esp\/wp-json\/wp\/v2\/product_tag?post=381754"}],"curies":[{"name":"wp","href":"https:\/\/api.w.org\/{rel}","templated":true}]}}