{"id":376189,"date":"2025-06-23T13:20:23","date_gmt":"2025-06-23T16:20:23","guid":{"rendered":"https:\/\/galeriaazur.art\/?post_type=product&#038;p=376189"},"modified":"2025-07-15T11:16:43","modified_gmt":"2025-07-15T14:16:43","slug":"el-telon","status":"publish","type":"product","link":"https:\/\/galeriaazur.art\/esp\/artwork\/el-telon\/","title":{"rendered":"&#8220;EL TEL\u00d3N&#8221;"},"content":{"rendered":"<p>La obra denominada &quot;el Tel\u00f3n&quot; es un aguafuerte (grabado sobre metal) muy representativo en mi trayectoria art\u00edstica.<br \/>\nSimboliza momentos sumamente importantes, ya que me encontraba dise\u00f1ando y moldeando mi futuro, tanto como artista y como persona.<br \/>\nLa ilustraci\u00f3n de un escenario con un tel\u00f3n entreabierto, da a entender las m\u00faltiples posibilidades que se tienen en la vida, definidas siempre por uno mismo, de la manera en la que uno encara una situaci\u00f3n, como lo enfrenta y decide actuar.<br \/>\nLa t\u00e9cnica es compleja, el aguafuerte requiere de un trabajo minucioso, en donde el \u00e1cido permea al metal y lo corroe para as\u00ed dejar trazadas sus l\u00edneas y manchas.<br \/>\nLa considero una de las obras m\u00e1s importantes de mi producci\u00f3n, m\u00e1s a\u00fan por el car\u00e1cter impregnado que conlleva la misma.<\/p>","protected":false},"excerpt":{"rendered":"<a href=\"https:\/\/galeriaazur.art\/esp\/artist\/veronica-viedma-paoli\/\">Veronica Viedma Paoli<\/a>","protected":false},"author":2954,"featured_media":376191,"template":"","meta":{"_et_pb_use_builder":"o","_et_pb_old_content":"","_et_gb_content_width":""},"product_cat":[432,101,180,423],"product_tag":[],"acf":[],"_links":{"self":[{"href":"https:\/\/galeriaazur.art\/esp\/wp-json\/wp\/v2\/product\/376189"}],"collection":[{"href":"https:\/\/galeriaazur.art\/esp\/wp-json\/wp\/v2\/product"}],"about":[{"href":"https:\/\/galeriaazur.art\/esp\/wp-json\/wp\/v2\/types\/product"}],"author":[{"embeddable":true,"href":"https:\/\/galeriaazur.art\/esp\/wp-json\/wp\/v2\/users\/2954"}],"wp:featuredmedia":[{"embeddable":true,"href":"https:\/\/galeriaazur.art\/esp\/wp-json\/wp\/v2\/media\/376191"}],"wp:attachment":[{"href":"https:\/\/galeriaazur.art\/esp\/wp-json\/wp\/v2\/media?parent=376189"}],"wp:term":[{"taxonomy":"product_cat","embeddable":true,"href":"https:\/\/galeriaazur.art\/esp\/wp-json\/wp\/v2\/product_cat?post=376189"},{"taxonomy":"product_tag","embeddable":true,"href":"https:\/\/galeriaazur.art\/esp\/wp-json\/wp\/v2\/product_tag?post=376189"}],"curies":[{"name":"wp","href":"https:\/\/api.w.org\/{rel}","templated":true}]}}