{"id":374807,"date":"2025-06-04T07:45:16","date_gmt":"2025-06-04T10:45:16","guid":{"rendered":"https:\/\/galeriaazur.art\/?post_type=product&#038;p=374807"},"modified":"2025-06-05T15:02:55","modified_gmt":"2025-06-05T18:02:55","slug":"el-palacio-de-la-alegria-el-conocimiento-y-la-paz","status":"publish","type":"product","link":"https:\/\/galeriaazur.art\/esp\/artwork\/el-palacio-de-la-alegria-el-conocimiento-y-la-paz\/","title":{"rendered":"El Palacio de la Alegr\u00eda , el Conocimiento y la Paz."},"content":{"rendered":"<p>La obra evoca 3 pilares b\u00e1sico de la vida, paz, conocimiento y alegr\u00eda,  para que as\u00ed, el ser humano est\u00e9 en condicion de  agregue el cuarto e imprescindible pilar de su existencia que es el amor.<\/p>","protected":false},"excerpt":{"rendered":"<a href=\"https:\/\/galeriaazur.art\/esp\/artist\/daniel-heugas\/\">Daniel Heugas<\/a>","protected":false},"author":2880,"featured_media":374813,"template":"","meta":{"_et_pb_use_builder":"o","_et_pb_old_content":"","_et_gb_content_width":""},"product_cat":[180,429],"product_tag":[],"acf":[],"_links":{"self":[{"href":"https:\/\/galeriaazur.art\/esp\/wp-json\/wp\/v2\/product\/374807"}],"collection":[{"href":"https:\/\/galeriaazur.art\/esp\/wp-json\/wp\/v2\/product"}],"about":[{"href":"https:\/\/galeriaazur.art\/esp\/wp-json\/wp\/v2\/types\/product"}],"author":[{"embeddable":true,"href":"https:\/\/galeriaazur.art\/esp\/wp-json\/wp\/v2\/users\/2880"}],"wp:featuredmedia":[{"embeddable":true,"href":"https:\/\/galeriaazur.art\/esp\/wp-json\/wp\/v2\/media\/374813"}],"wp:attachment":[{"href":"https:\/\/galeriaazur.art\/esp\/wp-json\/wp\/v2\/media?parent=374807"}],"wp:term":[{"taxonomy":"product_cat","embeddable":true,"href":"https:\/\/galeriaazur.art\/esp\/wp-json\/wp\/v2\/product_cat?post=374807"},{"taxonomy":"product_tag","embeddable":true,"href":"https:\/\/galeriaazur.art\/esp\/wp-json\/wp\/v2\/product_tag?post=374807"}],"curies":[{"name":"wp","href":"https:\/\/api.w.org\/{rel}","templated":true}]}}