{"id":374776,"date":"2025-06-03T14:08:23","date_gmt":"2025-06-03T17:08:23","guid":{"rendered":"https:\/\/galeriaazur.art\/?post_type=product&#038;p=374776"},"modified":"2025-06-05T14:58:43","modified_gmt":"2025-06-05T17:58:43","slug":"untitled-24","status":"publish","type":"product","link":"https:\/\/galeriaazur.art\/esp\/artwork\/untitled-24\/","title":{"rendered":"Untitled"},"content":{"rendered":"<p>El proceso, la energ\u00eda, la expansi\u00f3n, la rabia. Cada emoci\u00f3n intr\u00ednseca durante el proceso creativo, as\u00ed como su ejecuci\u00f3n, es tan importante como el resultado final. Una visi\u00f3n diferente para quien lo est\u00e1 mirando y desde d\u00f3nde lo est\u00e1n mirando. <br \/>\nNo hay palabras, figuras perfectas o gestos en el trazo que expresen lo que siento mientras pinto. Es amor y es alma. Con toda la belleza de ella y con todo el dolor que la pintura de acci\u00f3n tambi\u00e9n inspira.<\/p>","protected":false},"excerpt":{"rendered":"<a href=\"https:\/\/galeriaazur.art\/esp\/artist\/ines-de-la-calzada\/\">Ine\u0301s de la Calzada<\/a>","protected":false},"author":2929,"featured_media":374778,"template":"","meta":{"_et_pb_use_builder":"o","_et_pb_old_content":"","_et_gb_content_width":""},"product_cat":[180,429],"product_tag":[],"acf":[],"_links":{"self":[{"href":"https:\/\/galeriaazur.art\/esp\/wp-json\/wp\/v2\/product\/374776"}],"collection":[{"href":"https:\/\/galeriaazur.art\/esp\/wp-json\/wp\/v2\/product"}],"about":[{"href":"https:\/\/galeriaazur.art\/esp\/wp-json\/wp\/v2\/types\/product"}],"author":[{"embeddable":true,"href":"https:\/\/galeriaazur.art\/esp\/wp-json\/wp\/v2\/users\/2929"}],"wp:featuredmedia":[{"embeddable":true,"href":"https:\/\/galeriaazur.art\/esp\/wp-json\/wp\/v2\/media\/374778"}],"wp:attachment":[{"href":"https:\/\/galeriaazur.art\/esp\/wp-json\/wp\/v2\/media?parent=374776"}],"wp:term":[{"taxonomy":"product_cat","embeddable":true,"href":"https:\/\/galeriaazur.art\/esp\/wp-json\/wp\/v2\/product_cat?post=374776"},{"taxonomy":"product_tag","embeddable":true,"href":"https:\/\/galeriaazur.art\/esp\/wp-json\/wp\/v2\/product_tag?post=374776"}],"curies":[{"name":"wp","href":"https:\/\/api.w.org\/{rel}","templated":true}]}}

<p>El proceso, la energía, la expansión, la rabia. Cada emoción intrínseca durante el proceso creativo, así como su ejecución, es tan importante como el resultado final. Una visión diferente para quien lo está mirando y desde dónde lo están mirando. <br />
No hay palabras, figuras perfectas o gestos en el trazo que expresen lo que siento mientras pinto. Es amor y es alma. Con toda la belleza de ella y con todo el dolor que la pintura de acción también inspira.</p>
