{"id":373611,"date":"2025-05-20T17:15:15","date_gmt":"2025-05-20T20:15:15","guid":{"rendered":"https:\/\/galeriaazur.art\/?post_type=product&#038;p=373611"},"modified":"2025-05-23T12:28:09","modified_gmt":"2025-05-23T15:28:09","slug":"el-dia-en-que-desaparecio-venecia","status":"publish","type":"product","link":"https:\/\/galeriaazur.art\/esp\/artwork\/el-dia-en-que-desaparecio-venecia\/","title":{"rendered":"El d\u00eda en que desapareci\u00f3 Venecia"},"content":{"rendered":"<p>Es una obra donde el asombro y desconcierto del ser Humano ante lo fant\u00e1stico se expresa a trav\u00e9s de las mascaras. Lo fant\u00e1stico de la vida misma suele hacerse realidad y nos lleva todos los d\u00edas a protegernos, a tapar y esconder nuestros miedos, ansiedades, asmbros y deseos. En esta obra confluye la hermosura de Venecia y el asombro de sus personajes ante la posible desaparici\u00f3n bajo las aguas.<\/p>","protected":false},"excerpt":{"rendered":"<a href=\"https:\/\/galeriaazur.art\/esp\/artist\/daniel-heugas\/\">Daniel Heugas<\/a>","protected":false},"author":2880,"featured_media":373612,"template":"","meta":{"_et_pb_use_builder":"o","_et_pb_old_content":"","_et_gb_content_width":""},"product_cat":[180,429],"product_tag":[],"acf":[],"_links":{"self":[{"href":"https:\/\/galeriaazur.art\/esp\/wp-json\/wp\/v2\/product\/373611"}],"collection":[{"href":"https:\/\/galeriaazur.art\/esp\/wp-json\/wp\/v2\/product"}],"about":[{"href":"https:\/\/galeriaazur.art\/esp\/wp-json\/wp\/v2\/types\/product"}],"author":[{"embeddable":true,"href":"https:\/\/galeriaazur.art\/esp\/wp-json\/wp\/v2\/users\/2880"}],"wp:featuredmedia":[{"embeddable":true,"href":"https:\/\/galeriaazur.art\/esp\/wp-json\/wp\/v2\/media\/373612"}],"wp:attachment":[{"href":"https:\/\/galeriaazur.art\/esp\/wp-json\/wp\/v2\/media?parent=373611"}],"wp:term":[{"taxonomy":"product_cat","embeddable":true,"href":"https:\/\/galeriaazur.art\/esp\/wp-json\/wp\/v2\/product_cat?post=373611"},{"taxonomy":"product_tag","embeddable":true,"href":"https:\/\/galeriaazur.art\/esp\/wp-json\/wp\/v2\/product_tag?post=373611"}],"curies":[{"name":"wp","href":"https:\/\/api.w.org\/{rel}","templated":true}]}}