{"id":373079,"date":"2025-05-13T16:07:23","date_gmt":"2025-05-13T19:07:23","guid":{"rendered":"https:\/\/galeriaazur.art\/?post_type=product&#038;p=373079"},"modified":"2025-05-19T15:48:08","modified_gmt":"2025-05-19T18:48:08","slug":"notas-de-un-tiempo","status":"publish","type":"product","link":"https:\/\/galeriaazur.art\/esp\/artwork\/notas-de-un-tiempo\/","title":{"rendered":"Notas de un tiempo"},"content":{"rendered":"<p>Mi mundo art\u00edstico es el del realismo fant\u00e1stico o m\u00e1gico, firme expresi\u00f3n de la realidad de nuestra \u00e9poca.  La t\u00e9cnica que us\u00e9 es un juego minucioso entre pluma, tinta y laca, en  una paleta con marcadas tonalidad de los ocres. La obra significa para mi, los pasajes de la vida armonizados por la m\u00fasica en el devenir del tiempo. Tiempo y espacio se conjugan en una sola dimensi\u00f3n, la Obra<\/p>","protected":false},"excerpt":{"rendered":"<a href=\"https:\/\/galeriaazur.art\/esp\/artist\/daniel-heugas\/\">Daniel Heugas<\/a>","protected":false},"author":2880,"featured_media":373084,"template":"","meta":{"_et_pb_use_builder":"o","_et_pb_old_content":"","_et_gb_content_width":""},"product_cat":[180,429],"product_tag":[],"acf":[],"_links":{"self":[{"href":"https:\/\/galeriaazur.art\/esp\/wp-json\/wp\/v2\/product\/373079"}],"collection":[{"href":"https:\/\/galeriaazur.art\/esp\/wp-json\/wp\/v2\/product"}],"about":[{"href":"https:\/\/galeriaazur.art\/esp\/wp-json\/wp\/v2\/types\/product"}],"author":[{"embeddable":true,"href":"https:\/\/galeriaazur.art\/esp\/wp-json\/wp\/v2\/users\/2880"}],"wp:featuredmedia":[{"embeddable":true,"href":"https:\/\/galeriaazur.art\/esp\/wp-json\/wp\/v2\/media\/373084"}],"wp:attachment":[{"href":"https:\/\/galeriaazur.art\/esp\/wp-json\/wp\/v2\/media?parent=373079"}],"wp:term":[{"taxonomy":"product_cat","embeddable":true,"href":"https:\/\/galeriaazur.art\/esp\/wp-json\/wp\/v2\/product_cat?post=373079"},{"taxonomy":"product_tag","embeddable":true,"href":"https:\/\/galeriaazur.art\/esp\/wp-json\/wp\/v2\/product_tag?post=373079"}],"curies":[{"name":"wp","href":"https:\/\/api.w.org\/{rel}","templated":true}]}}