{"id":372497,"date":"2025-05-07T12:23:12","date_gmt":"2025-05-07T15:23:12","guid":{"rendered":"https:\/\/galeriaazur.art\/?post_type=product&#038;p=372497"},"modified":"2025-05-08T14:36:58","modified_gmt":"2025-05-08T17:36:58","slug":"la-alquimista-del-alma","status":"publish","type":"product","link":"https:\/\/galeriaazur.art\/esp\/artwork\/la-alquimista-del-alma\/","title":{"rendered":"La alquimista del alma"},"content":{"rendered":"<p>&quot;Nada en ella es casual: cada grieta, cada cicatriz, es un portal hacia la luz.<br \/>\nFue moldeada por los vientos que otros temieron enfrentar, y sus heridas -lejos de quebrarla &#8211; la abrieron a mundos invisibles.<br \/>\nAll\u00ed donde el dolor sembr\u00f3 sus huellas, ella sembr\u00f3 su fuego sagrado.<br \/>\nEs alquimista de memorias, tejedora de sue\u00f1os olvidados, creadora de belleza en medio del caos.<br \/>\nNo vino a esconder sus grietas; vino a habitarlas, a convertirlas en constelaciones vivas.<br \/>\nPorque sabe que la verdadera fuerza no nace de la perfecci\u00f3n, sino del amor que somos capaces de derramar sobre nuestras propias ruinas.<br \/>\nElla camina desnuda de m\u00e1scaras, envuelta solo en su verdad:<br \/>\nla de ser eterna, libre y luminosa, a\u00fan en medio de la tormenta.&quot;<\/p>","protected":false},"excerpt":{"rendered":"<a href=\"https:\/\/galeriaazur.art\/esp\/artist\/rbk-becerro-diaz\/\">Rebeca Becerro Diaz<\/a>","protected":false},"author":2896,"featured_media":372506,"template":"","meta":{"_et_pb_use_builder":"o","_et_pb_old_content":"","_et_gb_content_width":""},"product_cat":[24,409],"product_tag":[],"acf":[],"_links":{"self":[{"href":"https:\/\/galeriaazur.art\/esp\/wp-json\/wp\/v2\/product\/372497"}],"collection":[{"href":"https:\/\/galeriaazur.art\/esp\/wp-json\/wp\/v2\/product"}],"about":[{"href":"https:\/\/galeriaazur.art\/esp\/wp-json\/wp\/v2\/types\/product"}],"author":[{"embeddable":true,"href":"https:\/\/galeriaazur.art\/esp\/wp-json\/wp\/v2\/users\/2896"}],"wp:featuredmedia":[{"embeddable":true,"href":"https:\/\/galeriaazur.art\/esp\/wp-json\/wp\/v2\/media\/372506"}],"wp:attachment":[{"href":"https:\/\/galeriaazur.art\/esp\/wp-json\/wp\/v2\/media?parent=372497"}],"wp:term":[{"taxonomy":"product_cat","embeddable":true,"href":"https:\/\/galeriaazur.art\/esp\/wp-json\/wp\/v2\/product_cat?post=372497"},{"taxonomy":"product_tag","embeddable":true,"href":"https:\/\/galeriaazur.art\/esp\/wp-json\/wp\/v2\/product_tag?post=372497"}],"curies":[{"name":"wp","href":"https:\/\/api.w.org\/{rel}","templated":true}]}}