{"id":369095,"date":"2025-04-04T16:43:34","date_gmt":"2025-04-04T19:43:34","guid":{"rendered":"https:\/\/galeriaazur.art\/?post_type=product&#038;p=369095"},"modified":"2025-04-07T09:59:22","modified_gmt":"2025-04-07T12:59:22","slug":"miniaturas-del-alma-historia-de-los-muebles-en-pequena-escala-4","status":"publish","type":"product","link":"https:\/\/galeriaazur.art\/esp\/artwork\/miniaturas-del-alma-historia-de-los-muebles-en-pequena-escala-4\/","title":{"rendered":"&#8220;Miniaturas del Alma: Historia de los Muebles en Peque\u00f1a Escala &#8220;"},"content":{"rendered":"<p>Inspirada en el Estilo Luis XV, este cofre est\u00e1 confeccionado con madera de \u00c1lamo y Haya. Se caracteriza por sus l\u00edneas curvas,  su simetr\u00eda, ligereza y comodidad. Presenta dos cajones tallados y decorados mediante la t\u00e9cnica de inscrustacion con maderas ex\u00f3ticas de diferentes colores el mismo consiste en un hermoso jarr\u00f3n con flores. Por su delicadeza y Refinamiento puedes obsequiar un presente de encantadora Elegancia.  Col\u00f3cala en tu habitaci\u00f3n la madera del Haya es conocida como la madre de lis bosques,  venerada como la Reina Protectora. El Haya aporta un toque de Espiritualidad y Belleza a cualquier espacio de tu Hogar, Oficina y Negocio.<\/p>","protected":false},"excerpt":{"rendered":"<a href=\"https:\/\/galeriaazur.art\/esp\/artist\/marlene-perez\/\">Marlene Perez<\/a>","protected":false},"author":2865,"featured_media":369096,"template":"","meta":{"_et_pb_use_builder":"o","_et_pb_old_content":"","_et_gb_content_width":""},"product_cat":[140,372],"product_tag":[],"acf":[],"_links":{"self":[{"href":"https:\/\/galeriaazur.art\/esp\/wp-json\/wp\/v2\/product\/369095"}],"collection":[{"href":"https:\/\/galeriaazur.art\/esp\/wp-json\/wp\/v2\/product"}],"about":[{"href":"https:\/\/galeriaazur.art\/esp\/wp-json\/wp\/v2\/types\/product"}],"author":[{"embeddable":true,"href":"https:\/\/galeriaazur.art\/esp\/wp-json\/wp\/v2\/users\/2865"}],"wp:featuredmedia":[{"embeddable":true,"href":"https:\/\/galeriaazur.art\/esp\/wp-json\/wp\/v2\/media\/369096"}],"wp:attachment":[{"href":"https:\/\/galeriaazur.art\/esp\/wp-json\/wp\/v2\/media?parent=369095"}],"wp:term":[{"taxonomy":"product_cat","embeddable":true,"href":"https:\/\/galeriaazur.art\/esp\/wp-json\/wp\/v2\/product_cat?post=369095"},{"taxonomy":"product_tag","embeddable":true,"href":"https:\/\/galeriaazur.art\/esp\/wp-json\/wp\/v2\/product_tag?post=369095"}],"curies":[{"name":"wp","href":"https:\/\/api.w.org\/{rel}","templated":true}]}}

&#8220;Miniaturas del Alma: Historia de los Muebles en Pequeña Escala &#8220;

<p>Inspirada en el Estilo Luis XV, este cofre está confeccionado con madera de Álamo y Haya. Se caracteriza por sus líneas curvas,  su simetría, ligereza y comodidad. Presenta dos cajones tallados y decorados mediante la técnica de inscrustacion con maderas exóticas de diferentes colores el mismo consiste en un hermoso jarrón con flores. Por su delicadeza y Refinamiento puedes obsequiar un presente de encantadora Elegancia.  Colócala en tu habitación la madera del Haya es conocida como la madre de lis bosques,  venerada como la Reina Protectora. El Haya aporta un toque de Espiritualidad y Belleza a cualquier espacio de tu Hogar, Oficina y Negocio.</p>
