{"id":369092,"date":"2025-04-04T17:07:35","date_gmt":"2025-04-04T20:07:35","guid":{"rendered":"https:\/\/galeriaazur.art\/?post_type=product&#038;p=369092"},"modified":"2025-04-07T09:59:20","modified_gmt":"2025-04-07T12:59:20","slug":"miniaturas-del-alma-historia-de-los-muebles-en-pequena-escala-3","status":"publish","type":"product","link":"https:\/\/galeriaazur.art\/esp\/artwork\/miniaturas-del-alma-historia-de-los-muebles-en-pequena-escala-3\/","title":{"rendered":"&#8220;Miniaturas del Alma: Historia de los Muebles en Peque\u00f1a Escala &#8220;"},"content":{"rendered":"<p>Armario Rococ\u00f3. Hecho a Mano. <br \/>\nCofre joyero confeccionado con madera de Majagua e inspirado en un Estilo de Exquisita ornamentaci\u00f3n de curvas suaves y sinuosas. Presenta temas elegantes,naturaleza, la vida cotidiana y el Amor.<br \/>\nPresenta en la parte superior una corona tallada con motivos de la flora y volutas. Las dos puertas talladas con un refinado ramo de rosas encintados. Las patas talladas con hojas de acanto. Organizador para todas tus joyas. Un regalo con un toque de elegancia natural que es tanto sutil como sorprendente,  teniendo un significado cultural con dise\u00f1os de la Antig\u00fcedad que narra la historias de su \u00c9poca.<\/p>","protected":false},"excerpt":{"rendered":"<a href=\"https:\/\/galeriaazur.art\/esp\/artist\/marlene-perez\/\">Marlene Perez<\/a>","protected":false},"author":2865,"featured_media":369093,"template":"","meta":{"_et_pb_use_builder":"o","_et_pb_old_content":"","_et_gb_content_width":""},"product_cat":[140,372],"product_tag":[],"acf":[],"_links":{"self":[{"href":"https:\/\/galeriaazur.art\/esp\/wp-json\/wp\/v2\/product\/369092"}],"collection":[{"href":"https:\/\/galeriaazur.art\/esp\/wp-json\/wp\/v2\/product"}],"about":[{"href":"https:\/\/galeriaazur.art\/esp\/wp-json\/wp\/v2\/types\/product"}],"author":[{"embeddable":true,"href":"https:\/\/galeriaazur.art\/esp\/wp-json\/wp\/v2\/users\/2865"}],"wp:featuredmedia":[{"embeddable":true,"href":"https:\/\/galeriaazur.art\/esp\/wp-json\/wp\/v2\/media\/369093"}],"wp:attachment":[{"href":"https:\/\/galeriaazur.art\/esp\/wp-json\/wp\/v2\/media?parent=369092"}],"wp:term":[{"taxonomy":"product_cat","embeddable":true,"href":"https:\/\/galeriaazur.art\/esp\/wp-json\/wp\/v2\/product_cat?post=369092"},{"taxonomy":"product_tag","embeddable":true,"href":"https:\/\/galeriaazur.art\/esp\/wp-json\/wp\/v2\/product_tag?post=369092"}],"curies":[{"name":"wp","href":"https:\/\/api.w.org\/{rel}","templated":true}]}}

&#8220;Miniaturas del Alma: Historia de los Muebles en Pequeña Escala &#8220;

<p>Armario Rococó. Hecho a Mano. <br />
Cofre joyero confeccionado con madera de Majagua e inspirado en un Estilo de Exquisita ornamentación de curvas suaves y sinuosas. Presenta temas elegantes,naturaleza, la vida cotidiana y el Amor.<br />
Presenta en la parte superior una corona tallada con motivos de la flora y volutas. Las dos puertas talladas con un refinado ramo de rosas encintados. Las patas talladas con hojas de acanto. Organizador para todas tus joyas. Un regalo con un toque de elegancia natural que es tanto sutil como sorprendente,  teniendo un significado cultural con diseños de la Antigüedad que narra la historias de su Época.</p>
