{"id":365375,"date":"2025-02-23T18:56:52","date_gmt":"2025-02-23T21:56:52","guid":{"rendered":"https:\/\/galeriaazur.art\/?post_type=product&#038;p=365375"},"modified":"2025-02-24T17:43:55","modified_gmt":"2025-02-24T20:43:55","slug":"sin-titulo-20","status":"publish","type":"product","link":"https:\/\/galeriaazur.art\/esp\/artwork\/sin-titulo-20\/","title":{"rendered":"L\u00edmites imprecisos (2024)"},"content":{"rendered":"<p>Collage de tintas y acr\u00edlico sobre cart\u00f3n<br \/>\n25 x 23 cm <\/p>","protected":false},"excerpt":{"rendered":"<p>Collage de tintas y acr\u00edlico sobre cart\u00f3n<br \/>\n25 x 23 cm <\/p>","protected":false},"author":442,"featured_media":365376,"template":"","meta":{"_et_pb_use_builder":"o","_et_pb_old_content":"","_et_gb_content_width":""},"product_cat":[402,22],"product_tag":[],"acf":[],"_links":{"self":[{"href":"https:\/\/galeriaazur.art\/esp\/wp-json\/wp\/v2\/product\/365375"}],"collection":[{"href":"https:\/\/galeriaazur.art\/esp\/wp-json\/wp\/v2\/product"}],"about":[{"href":"https:\/\/galeriaazur.art\/esp\/wp-json\/wp\/v2\/types\/product"}],"author":[{"embeddable":true,"href":"https:\/\/galeriaazur.art\/esp\/wp-json\/wp\/v2\/users\/442"}],"wp:featuredmedia":[{"embeddable":true,"href":"https:\/\/galeriaazur.art\/esp\/wp-json\/wp\/v2\/media\/365376"}],"wp:attachment":[{"href":"https:\/\/galeriaazur.art\/esp\/wp-json\/wp\/v2\/media?parent=365375"}],"wp:term":[{"taxonomy":"product_cat","embeddable":true,"href":"https:\/\/galeriaazur.art\/esp\/wp-json\/wp\/v2\/product_cat?post=365375"},{"taxonomy":"product_tag","embeddable":true,"href":"https:\/\/galeriaazur.art\/esp\/wp-json\/wp\/v2\/product_tag?post=365375"}],"curies":[{"name":"wp","href":"https:\/\/api.w.org\/{rel}","templated":true}]}}

Límites imprecisos (2024)

<p>Collage de tintas y acrílico sobre cartón<br />
25 x 23 cm </p>
