{"id":362143,"date":"2025-01-23T11:26:06","date_gmt":"2025-01-23T14:26:06","guid":{"rendered":"https:\/\/galeriaazur.art\/?post_type=product&#038;p=362143"},"modified":"2025-01-23T11:26:06","modified_gmt":"2025-01-23T14:26:06","slug":"mas-aca-2","status":"publish","type":"product","link":"https:\/\/galeriaazur.art\/esp\/artwork\/mas-aca-2\/","title":{"rendered":"M\u00c1S AC\u00c1"},"content":{"rendered":"<p>Acr\u00edlico sobre lienzo<br \/>\n100 x 150 cm<br \/>\nVendida<\/p>","protected":false},"excerpt":{"rendered":"<p>Acr\u00edlico sobre lienzo<br \/>\n100 x 150 cm<br \/>\nVendida<\/p>","protected":false},"author":442,"featured_media":362144,"template":"","meta":{"_et_pb_use_builder":"o","_et_pb_old_content":"","_et_gb_content_width":""},"product_cat":[22],"product_tag":[],"acf":[],"_links":{"self":[{"href":"https:\/\/galeriaazur.art\/esp\/wp-json\/wp\/v2\/product\/362143"}],"collection":[{"href":"https:\/\/galeriaazur.art\/esp\/wp-json\/wp\/v2\/product"}],"about":[{"href":"https:\/\/galeriaazur.art\/esp\/wp-json\/wp\/v2\/types\/product"}],"author":[{"embeddable":true,"href":"https:\/\/galeriaazur.art\/esp\/wp-json\/wp\/v2\/users\/442"}],"wp:featuredmedia":[{"embeddable":true,"href":"https:\/\/galeriaazur.art\/esp\/wp-json\/wp\/v2\/media\/362144"}],"wp:attachment":[{"href":"https:\/\/galeriaazur.art\/esp\/wp-json\/wp\/v2\/media?parent=362143"}],"wp:term":[{"taxonomy":"product_cat","embeddable":true,"href":"https:\/\/galeriaazur.art\/esp\/wp-json\/wp\/v2\/product_cat?post=362143"},{"taxonomy":"product_tag","embeddable":true,"href":"https:\/\/galeriaazur.art\/esp\/wp-json\/wp\/v2\/product_tag?post=362143"}],"curies":[{"name":"wp","href":"https:\/\/api.w.org\/{rel}","templated":true}]}}