{"id":354928,"date":"2024-11-19T17:25:39","date_gmt":"2024-11-19T20:25:39","guid":{"rendered":"https:\/\/galeriaazur.art\/?post_type=product&#038;p=354928"},"modified":"2024-12-11T13:20:15","modified_gmt":"2024-12-11T16:20:15","slug":"7-paez-vilaro-carlos","status":"publish","type":"product","link":"https:\/\/galeriaazur.art\/esp\/artwork\/7-paez-vilaro-carlos\/","title":{"rendered":"Paez Vilar\u00f3 Carlos"},"content":{"rendered":"<p>Desde el campanario observ\u00e9 la agon\u00eda de los peces (1970)<br \/>\nTinta sobre papel montado en cart\u00f3n<br \/>\n100 x 70 cm<br \/>\nFirmada y fechada en la parte inferior<\/p>","protected":false},"excerpt":{"rendered":"<p>Desde el campanario observ\u00e9 la agon\u00eda de los peces (1970)<br \/>\nTinta sobre papel montado en cart\u00f3n<br \/>\n100 x 70 cm<br \/>\nFirmada y fechada en la parte inferior<\/p>","protected":false},"author":442,"featured_media":354977,"template":"","meta":{"_et_pb_use_builder":"o","_et_pb_old_content":"","_et_gb_content_width":""},"product_cat":[383,386],"product_tag":[],"acf":[],"_links":{"self":[{"href":"https:\/\/galeriaazur.art\/esp\/wp-json\/wp\/v2\/product\/354928"}],"collection":[{"href":"https:\/\/galeriaazur.art\/esp\/wp-json\/wp\/v2\/product"}],"about":[{"href":"https:\/\/galeriaazur.art\/esp\/wp-json\/wp\/v2\/types\/product"}],"author":[{"embeddable":true,"href":"https:\/\/galeriaazur.art\/esp\/wp-json\/wp\/v2\/users\/442"}],"wp:featuredmedia":[{"embeddable":true,"href":"https:\/\/galeriaazur.art\/esp\/wp-json\/wp\/v2\/media\/354977"}],"wp:attachment":[{"href":"https:\/\/galeriaazur.art\/esp\/wp-json\/wp\/v2\/media?parent=354928"}],"wp:term":[{"taxonomy":"product_cat","embeddable":true,"href":"https:\/\/galeriaazur.art\/esp\/wp-json\/wp\/v2\/product_cat?post=354928"},{"taxonomy":"product_tag","embeddable":true,"href":"https:\/\/galeriaazur.art\/esp\/wp-json\/wp\/v2\/product_tag?post=354928"}],"curies":[{"name":"wp","href":"https:\/\/api.w.org\/{rel}","templated":true}]}}