{"id":351696,"date":"2024-10-30T08:22:21","date_gmt":"2024-10-30T11:22:21","guid":{"rendered":"https:\/\/galeriaazur.art\/?post_type=product&#038;p=351696"},"modified":"2025-10-16T15:54:10","modified_gmt":"2025-10-16T18:54:10","slug":"garza-blanca","status":"publish","type":"product","link":"https:\/\/galeriaazur.art\/esp\/artwork\/garza-blanca\/","title":{"rendered":"GARZA BLANCA"},"content":{"rendered":"<p>Esta imponente obra de 35 x 85 cm es un tributo personal a la garza blanca, un ave que evoca en m\u00ed recuerdos profundamente nost\u00e1lgicos y que conecta con la memoria de mi querido padre. Durante nuestros viajes hacia Colombia, la presencia de estas elegantes garzas en los campos y cuerpos de agua era siempre un espect\u00e1culo: ya volando majestuosamente o cazando en las aguas tranquilas, su figura era como un destello de luz en medio de la inmensidad.  Para capturar esa conexi\u00f3n especial, decid\u00ed crear esta pieza en un tama\u00f1o realista, de casi 80 cm de altura, destacando su porte majestuoso. Cada detalle, en especial el ojo, ha sido trabajado para crear una profundidad visual que invita a la contemplaci\u00f3n y evoca su esencia elegante y tranquila. En este mosaico de latas, el juego de luces y sombras revela una historia diferente a lo largo del d\u00eda, y cada obra incluye mensajes ocultos que los espectadores pueden descubrir visitando el portal de vavadesign.store mediante un c\u00f3digo QR.  Esta pieza es ideal para quienes buscan una obra que no solo sea visualmente cautivadora, sino que ofrezca una experiencia interactiva y personal, invit\u00e1ndolos a explorar cada detalle y conectarse con la historia y simbolismo detr\u00e1s de la garza blanca.<\/p>","protected":false},"excerpt":{"rendered":"<a href=\"https:\/\/galeriaazur.art\/esp\/artist\/valeria-valeria-boada\/\">Valeria Valeri Boada<\/a>","protected":false},"author":2666,"featured_media":351698,"template":"","meta":{"_et_pb_use_builder":"o","_et_pb_old_content":"","_et_gb_content_width":""},"product_cat":[376,101,449],"product_tag":[],"acf":[],"_links":{"self":[{"href":"https:\/\/galeriaazur.art\/esp\/wp-json\/wp\/v2\/product\/351696"}],"collection":[{"href":"https:\/\/galeriaazur.art\/esp\/wp-json\/wp\/v2\/product"}],"about":[{"href":"https:\/\/galeriaazur.art\/esp\/wp-json\/wp\/v2\/types\/product"}],"author":[{"embeddable":true,"href":"https:\/\/galeriaazur.art\/esp\/wp-json\/wp\/v2\/users\/2666"}],"wp:featuredmedia":[{"embeddable":true,"href":"https:\/\/galeriaazur.art\/esp\/wp-json\/wp\/v2\/media\/351698"}],"wp:attachment":[{"href":"https:\/\/galeriaazur.art\/esp\/wp-json\/wp\/v2\/media?parent=351696"}],"wp:term":[{"taxonomy":"product_cat","embeddable":true,"href":"https:\/\/galeriaazur.art\/esp\/wp-json\/wp\/v2\/product_cat?post=351696"},{"taxonomy":"product_tag","embeddable":true,"href":"https:\/\/galeriaazur.art\/esp\/wp-json\/wp\/v2\/product_tag?post=351696"}],"curies":[{"name":"wp","href":"https:\/\/api.w.org\/{rel}","templated":true}]}}