{"id":351687,"date":"2024-10-30T06:27:15","date_gmt":"2024-10-30T09:27:15","guid":{"rendered":"https:\/\/galeriaazur.art\/?post_type=product&#038;p=351687"},"modified":"2025-10-16T15:54:29","modified_gmt":"2025-10-16T18:54:29","slug":"loro-real-amazonico","status":"publish","type":"product","link":"https:\/\/galeriaazur.art\/esp\/artwork\/loro-real-amazonico\/","title":{"rendered":"LORO REAL AMAZ\u00d3NICO"},"content":{"rendered":"<p>Esta obra es un homenaje a los recuerdos de infancia y al loro de mi abuela, Lorenzo, cuya identidad siempre fue un peque\u00f1o misterio para la familia. Los loros de corona amarilla, como \u00e9l, eran una compa\u00f1\u00eda habitual en muchos hogares, representando una era en la que la cercan\u00eda con la naturaleza estaba a nuestro alcance y en cada rinc\u00f3n. Estos loros no solo aportaban alegr\u00eda, sino que tambi\u00e9n aprend\u00edan a hablar, adapt\u00e1ndose a sus due\u00f1os y formando lazos \u00fanicos.<\/p>\n<p>A trav\u00e9s de esta pieza de 40 x 60 cm, recreo esa nostalgia y vivacidad. Cada fragmento de lata de aluminio se selecciona meticulosamente para reflejar la intensidad y el brillo natural del plumaje, ya que los loros, con su paleta vibrante, requieren una precisi\u00f3n crom\u00e1tica que solo puede lograrse mediante una selecci\u00f3n cuidadosa de colores. En una sola lata, puedo encontrar hasta cuatro tonos distintos, cada uno perfectamente colocado para lograr una composici\u00f3n arm\u00f3nica.<\/p>\n<p>Adem\u00e1s de capturar la belleza del loro real, esta obra tambi\u00e9n invita a la reflexi\u00f3n sobre el bienestar animal. En tiempos modernos, sabemos que los animales ex\u00f3ticos requieren un entorno adecuado para vivir en plenitud. Con cada pieza de esta colecci\u00f3n, traigo un recordatorio visual de la importancia de cuidar y respetar cada especie en su h\u00e1bitat. Este loro amaz\u00f3nico es m\u00e1s que un recuerdo; es un s\u00edmbolo de color, vida y la profunda conexi\u00f3n que compartimos con el mundo natural.<\/p>","protected":false},"excerpt":{"rendered":"<a href=\"https:\/\/galeriaazur.art\/esp\/artist\/valeria-valeria-boada\/\">Valeria Valeri Boada<\/a>","protected":false},"author":2666,"featured_media":351688,"template":"","meta":{"_et_pb_use_builder":"o","_et_pb_old_content":"","_et_gb_content_width":""},"product_cat":[376,101,449],"product_tag":[],"acf":[],"_links":{"self":[{"href":"https:\/\/galeriaazur.art\/esp\/wp-json\/wp\/v2\/product\/351687"}],"collection":[{"href":"https:\/\/galeriaazur.art\/esp\/wp-json\/wp\/v2\/product"}],"about":[{"href":"https:\/\/galeriaazur.art\/esp\/wp-json\/wp\/v2\/types\/product"}],"author":[{"embeddable":true,"href":"https:\/\/galeriaazur.art\/esp\/wp-json\/wp\/v2\/users\/2666"}],"wp:featuredmedia":[{"embeddable":true,"href":"https:\/\/galeriaazur.art\/esp\/wp-json\/wp\/v2\/media\/351688"}],"wp:attachment":[{"href":"https:\/\/galeriaazur.art\/esp\/wp-json\/wp\/v2\/media?parent=351687"}],"wp:term":[{"taxonomy":"product_cat","embeddable":true,"href":"https:\/\/galeriaazur.art\/esp\/wp-json\/wp\/v2\/product_cat?post=351687"},{"taxonomy":"product_tag","embeddable":true,"href":"https:\/\/galeriaazur.art\/esp\/wp-json\/wp\/v2\/product_tag?post=351687"}],"curies":[{"name":"wp","href":"https:\/\/api.w.org\/{rel}","templated":true}]}}