{"id":351417,"date":"2024-10-26T18:54:18","date_gmt":"2024-10-26T21:54:18","guid":{"rendered":"https:\/\/galeriaazur.art\/?post_type=product&#038;p=351417"},"modified":"2024-10-28T09:50:32","modified_gmt":"2024-10-28T12:50:32","slug":"punto-de-partida-2","status":"publish","type":"product","link":"https:\/\/galeriaazur.art\/esp\/artwork\/punto-de-partida-2\/","title":{"rendered":"Punto de partida"},"content":{"rendered":"<p>&quot;Punto de Partida&quot; es el primer cuadro que la artista pint\u00f3 al comenzar su nueva etapa de vida. En la obra, se pueden ver barcos de popa retir\u00e1ndose, mientras que el contexto carece de mar o soporte, lo que acent\u00faa la sensaci\u00f3n de desarraigo y transici\u00f3n. La composici\u00f3n se desarrolla en una l\u00ednea diagonal hacia arriba a la derecha, sugiriendo movimiento y progreso. La paleta de colores combina tonos suaves con secciones m\u00e1s intensas, reflejando la dualidad de emociones que acompa\u00f1an a los nuevos comienzos. Esta obra simboliza el inicio de un viaje lleno de posibilidades y desaf\u00edos, invitando al espectador a reflexionar sobre sus propias traves\u00edas.<\/p>","protected":false},"excerpt":{"rendered":"<a href=\"https:\/\/galeriaazur.art\/esp\/artist\/romina-graziani\/\">Romina Graziani<\/a>","protected":false},"author":2659,"featured_media":351420,"template":"","meta":{"_et_pb_use_builder":"o","_et_pb_old_content":"","_et_gb_content_width":""},"product_cat":[374,101],"product_tag":[],"acf":[],"_links":{"self":[{"href":"https:\/\/galeriaazur.art\/esp\/wp-json\/wp\/v2\/product\/351417"}],"collection":[{"href":"https:\/\/galeriaazur.art\/esp\/wp-json\/wp\/v2\/product"}],"about":[{"href":"https:\/\/galeriaazur.art\/esp\/wp-json\/wp\/v2\/types\/product"}],"author":[{"embeddable":true,"href":"https:\/\/galeriaazur.art\/esp\/wp-json\/wp\/v2\/users\/2659"}],"wp:featuredmedia":[{"embeddable":true,"href":"https:\/\/galeriaazur.art\/esp\/wp-json\/wp\/v2\/media\/351420"}],"wp:attachment":[{"href":"https:\/\/galeriaazur.art\/esp\/wp-json\/wp\/v2\/media?parent=351417"}],"wp:term":[{"taxonomy":"product_cat","embeddable":true,"href":"https:\/\/galeriaazur.art\/esp\/wp-json\/wp\/v2\/product_cat?post=351417"},{"taxonomy":"product_tag","embeddable":true,"href":"https:\/\/galeriaazur.art\/esp\/wp-json\/wp\/v2\/product_tag?post=351417"}],"curies":[{"name":"wp","href":"https:\/\/api.w.org\/{rel}","templated":true}]}}