{"id":351408,"date":"2024-10-26T18:32:39","date_gmt":"2024-10-26T21:32:39","guid":{"rendered":"https:\/\/galeriaazur.art\/?post_type=product&#038;p=351408"},"modified":"2024-10-28T09:50:48","modified_gmt":"2024-10-28T12:50:48","slug":"nuevo-mares","status":"publish","type":"product","link":"https:\/\/galeriaazur.art\/esp\/artwork\/nuevo-mares\/","title":{"rendered":"Nuevo Mares"},"content":{"rendered":"<p>&quot;Nuevos Mares&quot; es una obra que representa un barco alej\u00e1ndose de la costa, creada poco despu\u00e9s de la llegada de la artista a Miami. Con un fondo oscuro adornado con destellos dorados, la pieza evoca una sensaci\u00f3n de misterio y exploraci\u00f3n. El barco, en su traves\u00eda, simboliza el viaje hacia lo desconocido y la b\u00fasqueda de nuevas oportunidades. Esta obra captura el sentimiento de dejar atr\u00e1s lo familiar mientras se avanza hacia nuevas experiencias, reflejando el esp\u00edritu de aventura que acompa\u00f1a a la artista en su nueva vida.<\/p>","protected":false},"excerpt":{"rendered":"<a href=\"https:\/\/galeriaazur.art\/esp\/artist\/romina-graziani\/\">Romina Graziani<\/a>","protected":false},"author":2659,"featured_media":351409,"template":"","meta":{"_et_pb_use_builder":"o","_et_pb_old_content":"","_et_gb_content_width":""},"product_cat":[374,101],"product_tag":[],"acf":[],"_links":{"self":[{"href":"https:\/\/galeriaazur.art\/esp\/wp-json\/wp\/v2\/product\/351408"}],"collection":[{"href":"https:\/\/galeriaazur.art\/esp\/wp-json\/wp\/v2\/product"}],"about":[{"href":"https:\/\/galeriaazur.art\/esp\/wp-json\/wp\/v2\/types\/product"}],"author":[{"embeddable":true,"href":"https:\/\/galeriaazur.art\/esp\/wp-json\/wp\/v2\/users\/2659"}],"wp:featuredmedia":[{"embeddable":true,"href":"https:\/\/galeriaazur.art\/esp\/wp-json\/wp\/v2\/media\/351409"}],"wp:attachment":[{"href":"https:\/\/galeriaazur.art\/esp\/wp-json\/wp\/v2\/media?parent=351408"}],"wp:term":[{"taxonomy":"product_cat","embeddable":true,"href":"https:\/\/galeriaazur.art\/esp\/wp-json\/wp\/v2\/product_cat?post=351408"},{"taxonomy":"product_tag","embeddable":true,"href":"https:\/\/galeriaazur.art\/esp\/wp-json\/wp\/v2\/product_tag?post=351408"}],"curies":[{"name":"wp","href":"https:\/\/api.w.org\/{rel}","templated":true}]}}