{"id":311260,"date":"2023-10-26T20:16:18","date_gmt":"2023-10-26T23:16:18","guid":{"rendered":"https:\/\/galeriaazur.art\/?post_type=product&#038;p=311260"},"modified":"2024-12-02T17:48:55","modified_gmt":"2024-12-02T20:48:55","slug":"fiesta-2","status":"publish","type":"product","link":"https:\/\/galeriaazur.art\/esp\/artwork\/fiesta-2\/","title":{"rendered":"Fiesta"},"content":{"rendered":"<p>Fiesta es el nombre de esta obr qu\u00e9 est\u00e1 llena de color y profundidad<br \/>\nEvoca diferentes emociones seg\u00fan el espectador pero los colores tienen un lugar primordial mi tensi\u00f3n despertar la atenci\u00f3n a colores brillantes y alegres. En donde el espectador pueda fantasear con su imaginaci\u00f3n! Tal vez hay una referencia directa a el esp\u00edritu alegre de mi pa\u00eds y de sus colores<\/p>","protected":false},"excerpt":{"rendered":"<a href=\"https:\/\/galeriaazur.art\/esp\/artist\/c-sada-cristina-sada-de-zorrilla\/\">C.Sada<\/a>","protected":false},"author":2053,"featured_media":311261,"template":"","meta":{"_et_pb_use_builder":"o","_et_pb_old_content":"","_et_gb_content_width":""},"product_cat":[390,101,166],"product_tag":[],"acf":[],"_links":{"self":[{"href":"https:\/\/galeriaazur.art\/esp\/wp-json\/wp\/v2\/product\/311260"}],"collection":[{"href":"https:\/\/galeriaazur.art\/esp\/wp-json\/wp\/v2\/product"}],"about":[{"href":"https:\/\/galeriaazur.art\/esp\/wp-json\/wp\/v2\/types\/product"}],"author":[{"embeddable":true,"href":"https:\/\/galeriaazur.art\/esp\/wp-json\/wp\/v2\/users\/2053"}],"wp:featuredmedia":[{"embeddable":true,"href":"https:\/\/galeriaazur.art\/esp\/wp-json\/wp\/v2\/media\/311261"}],"wp:attachment":[{"href":"https:\/\/galeriaazur.art\/esp\/wp-json\/wp\/v2\/media?parent=311260"}],"wp:term":[{"taxonomy":"product_cat","embeddable":true,"href":"https:\/\/galeriaazur.art\/esp\/wp-json\/wp\/v2\/product_cat?post=311260"},{"taxonomy":"product_tag","embeddable":true,"href":"https:\/\/galeriaazur.art\/esp\/wp-json\/wp\/v2\/product_tag?post=311260"}],"curies":[{"name":"wp","href":"https:\/\/api.w.org\/{rel}","templated":true}]}}

<p>Fiesta es el nombre de esta obr qué está llena de color y profundidad<br />
Evoca diferentes emociones según el espectador pero los colores tienen un lugar primordial mi tensión despertar la atención a colores brillantes y alegres. En donde el espectador pueda fantasear con su imaginación! Tal vez hay una referencia directa a el espíritu alegre de mi país y de sus colores</p>
