{"id":303255,"date":"2023-08-22T17:19:42","date_gmt":"2023-08-22T20:19:42","guid":{"rendered":"https:\/\/galeriaazur.art\/?post_type=product&#038;p=303255"},"modified":"2023-08-22T17:19:43","modified_gmt":"2023-08-22T20:19:43","slug":"compost","status":"publish","type":"product","link":"https:\/\/galeriaazur.art\/esp\/artwork\/compost\/","title":{"rendered":"Compost"},"content":{"rendered":"<p>Serie Dom\u00e9stica Negra<br \/>\nFotograf\u00eda. Toma directas en soporte digital. Copia Gicl\u00e9e con tinta Epson Ultrachrome HDR. Papel luster<br \/>\n73x130cm<\/p>","protected":false},"excerpt":{"rendered":"<p>Serie Dom\u00e9stica Negra Fotograf\u00eda. Toma directas en soporte digital. Copia Gicl\u00e9e con tinta Epson Ultrachrome HDR. Papel luster 73x130cm<\/p>","protected":false},"author":442,"featured_media":303251,"template":"","meta":{"_et_pb_use_builder":"o","_et_pb_old_content":"","_et_gb_content_width":""},"product_cat":[203,22],"product_tag":[],"acf":[],"_links":{"self":[{"href":"https:\/\/galeriaazur.art\/esp\/wp-json\/wp\/v2\/product\/303255"}],"collection":[{"href":"https:\/\/galeriaazur.art\/esp\/wp-json\/wp\/v2\/product"}],"about":[{"href":"https:\/\/galeriaazur.art\/esp\/wp-json\/wp\/v2\/types\/product"}],"author":[{"embeddable":true,"href":"https:\/\/galeriaazur.art\/esp\/wp-json\/wp\/v2\/users\/442"}],"wp:featuredmedia":[{"embeddable":true,"href":"https:\/\/galeriaazur.art\/esp\/wp-json\/wp\/v2\/media\/303251"}],"wp:attachment":[{"href":"https:\/\/galeriaazur.art\/esp\/wp-json\/wp\/v2\/media?parent=303255"}],"wp:term":[{"taxonomy":"product_cat","embeddable":true,"href":"https:\/\/galeriaazur.art\/esp\/wp-json\/wp\/v2\/product_cat?post=303255"},{"taxonomy":"product_tag","embeddable":true,"href":"https:\/\/galeriaazur.art\/esp\/wp-json\/wp\/v2\/product_tag?post=303255"}],"curies":[{"name":"wp","href":"https:\/\/api.w.org\/{rel}","templated":true}]}}