{"id":256350,"date":"2022-08-22T18:15:25","date_gmt":"2022-08-22T21:15:25","guid":{"rendered":"https:\/\/galeriaazur.art\/?post_type=product&#038;p=256350"},"modified":"2022-10-14T16:27:12","modified_gmt":"2022-10-14T19:27:12","slug":"25-jcrpara-la-vida-i-ii-iii-1983","status":"publish","type":"product","link":"https:\/\/galeriaazur.art\/esp\/artwork\/25-jcrpara-la-vida-i-ii-iii-1983\/","title":{"rendered":"25\t.\tJCR\t&#8220;Para la vida I, II, III ,  ( 1983)&#8221;"},"content":{"rendered":"<p>Impresi\u00f3n digital, acr\u00edlico y bol\u00edgrafo<\/p>\n<p>Tr\u00edptico. 67 x 66 cm c\/u<\/p>\n<p>Firmadas, tituladas y fechadas en la parte inferior. P\/A<\/p>\n<p>Reproducida en \u201cJuan Carlos Romero. En acci\u00f3n\u201d. Arte-Blogarte, 2020, p\u00e1g. 93.<\/p>","protected":false},"excerpt":{"rendered":"<p>Impresi\u00f3n digital, acr\u00edlico y bol\u00edgrafo Tr\u00edptico. 67 x 66 cm c\/u Firmadas, tituladas y fechadas en la parte inferior. P\/A Reproducida en \u201cJuan Carlos Romero. En acci\u00f3n\u201d. Arte-Blogarte, 2020, p\u00e1g. 93.<\/p>","protected":false},"author":442,"featured_media":256330,"template":"","meta":{"_et_pb_use_builder":"o","_et_pb_old_content":"","_et_gb_content_width":""},"product_cat":[111,22],"product_tag":[],"acf":[],"_links":{"self":[{"href":"https:\/\/galeriaazur.art\/esp\/wp-json\/wp\/v2\/product\/256350"}],"collection":[{"href":"https:\/\/galeriaazur.art\/esp\/wp-json\/wp\/v2\/product"}],"about":[{"href":"https:\/\/galeriaazur.art\/esp\/wp-json\/wp\/v2\/types\/product"}],"author":[{"embeddable":true,"href":"https:\/\/galeriaazur.art\/esp\/wp-json\/wp\/v2\/users\/442"}],"wp:featuredmedia":[{"embeddable":true,"href":"https:\/\/galeriaazur.art\/esp\/wp-json\/wp\/v2\/media\/256330"}],"wp:attachment":[{"href":"https:\/\/galeriaazur.art\/esp\/wp-json\/wp\/v2\/media?parent=256350"}],"wp:term":[{"taxonomy":"product_cat","embeddable":true,"href":"https:\/\/galeriaazur.art\/esp\/wp-json\/wp\/v2\/product_cat?post=256350"},{"taxonomy":"product_tag","embeddable":true,"href":"https:\/\/galeriaazur.art\/esp\/wp-json\/wp\/v2\/product_tag?post=256350"}],"curies":[{"name":"wp","href":"https:\/\/api.w.org\/{rel}","templated":true}]}}

<p>Impresión digital, acrílico y bolígrafo</p>
<p>Tríptico. 67 x 66 cm c/u</p>
<p>Firmadas, tituladas y fechadas en la parte inferior. P/A</p>
<p>Reproducida en “Juan Carlos Romero. En acción”. Arte-Blogarte, 2020, pág. 93.</p>

<p>Impresión digital, acrílico y bolígrafo Tríptico. 67 x 66 cm c/u Firmadas, tituladas y fechadas en la parte inferior. P/A Reproducida en “Juan Carlos Romero. En acción”. Arte-Blogarte, 2020, pág. 93.</p>
