{"id":256349,"date":"2022-08-22T18:13:21","date_gmt":"2022-08-22T21:13:21","guid":{"rendered":"https:\/\/galeriaazur.art\/?post_type=product&#038;p=256349"},"modified":"2022-10-14T16:27:20","modified_gmt":"2022-10-14T19:27:20","slug":"26-jcren-medio-de-las-tinieblas-2015","status":"publish","type":"product","link":"https:\/\/galeriaazur.art\/esp\/artwork\/26-jcren-medio-de-las-tinieblas-2015\/","title":{"rendered":"26\t.\tJCR\t&#8220;En medio de las tinieblas&#8230; (2015)&#8221;"},"content":{"rendered":"<p>Afiche. Impresi\u00f3n tipogr\u00e1fica sobre papel<\/p>\n<p>52 x 70 cm<\/p>\n<p>Arte Blogarte Instantes Gr\u00e1ficos<\/p>","protected":false},"excerpt":{"rendered":"<p>Afiche. Impresi\u00f3n tipogr\u00e1fica sobre papel 52 x 70 cm Arte Blogarte Instantes Gr\u00e1ficos<\/p>","protected":false},"author":442,"featured_media":256333,"template":"","meta":{"_et_pb_use_builder":"o","_et_pb_old_content":"","_et_gb_content_width":""},"product_cat":[111,22],"product_tag":[],"acf":[],"_links":{"self":[{"href":"https:\/\/galeriaazur.art\/esp\/wp-json\/wp\/v2\/product\/256349"}],"collection":[{"href":"https:\/\/galeriaazur.art\/esp\/wp-json\/wp\/v2\/product"}],"about":[{"href":"https:\/\/galeriaazur.art\/esp\/wp-json\/wp\/v2\/types\/product"}],"author":[{"embeddable":true,"href":"https:\/\/galeriaazur.art\/esp\/wp-json\/wp\/v2\/users\/442"}],"wp:featuredmedia":[{"embeddable":true,"href":"https:\/\/galeriaazur.art\/esp\/wp-json\/wp\/v2\/media\/256333"}],"wp:attachment":[{"href":"https:\/\/galeriaazur.art\/esp\/wp-json\/wp\/v2\/media?parent=256349"}],"wp:term":[{"taxonomy":"product_cat","embeddable":true,"href":"https:\/\/galeriaazur.art\/esp\/wp-json\/wp\/v2\/product_cat?post=256349"},{"taxonomy":"product_tag","embeddable":true,"href":"https:\/\/galeriaazur.art\/esp\/wp-json\/wp\/v2\/product_tag?post=256349"}],"curies":[{"name":"wp","href":"https:\/\/api.w.org\/{rel}","templated":true}]}}

<p>Afiche. Impresión tipográfica sobre papel</p>
<p>52 x 70 cm</p>
<p>Arte Blogarte Instantes Gráficos</p>

<p>Afiche. Impresión tipográfica sobre papel 52 x 70 cm Arte Blogarte Instantes Gráficos</p>
