{"id":256268,"date":"2022-08-22T17:42:00","date_gmt":"2022-08-22T20:42:00","guid":{"rendered":"https:\/\/galeriaazur.art\/?post_type=product&#038;p=256268"},"modified":"2022-10-14T16:30:39","modified_gmt":"2022-10-14T19:30:39","slug":"30-jcrestrago-2009","status":"publish","type":"product","link":"https:\/\/galeriaazur.art\/esp\/artwork\/30-jcrestrago-2009\/","title":{"rendered":"30\t.\tJCR\t&#8220;Estrago (2009)&#8221;"},"content":{"rendered":"<p>Afiche. Impresi\u00f3n tipogr\u00e1fica sobre papel<\/p>\n<p>53 x 70 cm<\/p>\n<p>Numerado 250\/250. Firmado y fechado en l\u00e1piz, abajo a la derecha. Exposici\u00f3n Fundaci\u00f3n OSDE.<\/p>\n<p>Reproducida en \u201cJuan Carlos Romero. Tipogr\u00e1fico\u201d, Arte-Blogarte, 2012, p\u00e1g. 31; \u201cJuan Carlos Romero. En acci\u00f3n\u201d. Arte-Blogarte, 2020, p\u00e1g. 57.<\/p>","protected":false},"excerpt":{"rendered":"<p>Afiche. Impresi\u00f3n tipogr\u00e1fica sobre papel 53 x 70 cm Numerado 250\/250. Firmado y fechado en l\u00e1piz, abajo a la derecha. Exposici\u00f3n Fundaci\u00f3n OSDE. Reproducida en \u201cJuan Carlos Romero. Tipogr\u00e1fico\u201d, Arte-Blogarte, 2012, p\u00e1g. 31; \u201cJuan Carlos Romero. En acci\u00f3n\u201d. Arte-Blogarte, 2020, p\u00e1g. 57.<\/p>","protected":false},"author":442,"featured_media":256183,"template":"","meta":{"_et_pb_use_builder":"o","_et_pb_old_content":"","_et_gb_content_width":""},"product_cat":[111,22],"product_tag":[],"acf":[],"_links":{"self":[{"href":"https:\/\/galeriaazur.art\/esp\/wp-json\/wp\/v2\/product\/256268"}],"collection":[{"href":"https:\/\/galeriaazur.art\/esp\/wp-json\/wp\/v2\/product"}],"about":[{"href":"https:\/\/galeriaazur.art\/esp\/wp-json\/wp\/v2\/types\/product"}],"author":[{"embeddable":true,"href":"https:\/\/galeriaazur.art\/esp\/wp-json\/wp\/v2\/users\/442"}],"wp:featuredmedia":[{"embeddable":true,"href":"https:\/\/galeriaazur.art\/esp\/wp-json\/wp\/v2\/media\/256183"}],"wp:attachment":[{"href":"https:\/\/galeriaazur.art\/esp\/wp-json\/wp\/v2\/media?parent=256268"}],"wp:term":[{"taxonomy":"product_cat","embeddable":true,"href":"https:\/\/galeriaazur.art\/esp\/wp-json\/wp\/v2\/product_cat?post=256268"},{"taxonomy":"product_tag","embeddable":true,"href":"https:\/\/galeriaazur.art\/esp\/wp-json\/wp\/v2\/product_tag?post=256268"}],"curies":[{"name":"wp","href":"https:\/\/api.w.org\/{rel}","templated":true}]}}

<p>Afiche. Impresión tipográfica sobre papel</p>
<p>53 x 70 cm</p>
<p>Numerado 250/250. Firmado y fechado en lápiz, abajo a la derecha. Exposición Fundación OSDE.</p>
<p>Reproducida en “Juan Carlos Romero. Tipográfico”, Arte-Blogarte, 2012, pág. 31; “Juan Carlos Romero. En acción”. Arte-Blogarte, 2020, pág. 57.</p>

<p>Afiche. Impresión tipográfica sobre papel 53 x 70 cm Numerado 250/250. Firmado y fechado en lápiz, abajo a la derecha. Exposición Fundación OSDE. Reproducida en “Juan Carlos Romero. Tipográfico”, Arte-Blogarte, 2012, pág. 31; “Juan Carlos Romero. En acción”. Arte-Blogarte, 2020, pág. 57.</p>
