{"id":253191,"date":"2022-07-18T16:49:12","date_gmt":"2022-07-18T19:49:12","guid":{"rendered":"https:\/\/galeriaazur.art\/?post_type=product&#038;p=253191"},"modified":"2022-10-23T19:11:50","modified_gmt":"2022-10-23T22:11:50","slug":"rodrigo-rodriguez-3","status":"publish","type":"product","link":"https:\/\/galeriaazur.art\/esp\/artwork\/rodrigo-rodriguez-3\/","title":{"rendered":"Rodrigo Rodr\u00edguez"},"content":{"rendered":"<p>El r\u00edo y el sedimento (2018)<br \/>\n\u00d3leo y esmalte sint\u00e9tico sobre tela.<br \/>\nD\u00edptico: 150\u00d7100 cada uno.<\/p>","protected":false},"excerpt":{"rendered":"<p>El r\u00edo y el sedimento (2018) \u00d3leo y esmalte sint\u00e9tico sobre tela. D\u00edptico: 150\u00d7100 cada uno.<\/p>","protected":false},"author":442,"featured_media":253126,"template":"","meta":{"_et_pb_use_builder":"o","_et_pb_old_content":"","_et_gb_content_width":""},"product_cat":[86,22],"product_tag":[],"acf":[],"_links":{"self":[{"href":"https:\/\/galeriaazur.art\/esp\/wp-json\/wp\/v2\/product\/253191"}],"collection":[{"href":"https:\/\/galeriaazur.art\/esp\/wp-json\/wp\/v2\/product"}],"about":[{"href":"https:\/\/galeriaazur.art\/esp\/wp-json\/wp\/v2\/types\/product"}],"author":[{"embeddable":true,"href":"https:\/\/galeriaazur.art\/esp\/wp-json\/wp\/v2\/users\/442"}],"wp:featuredmedia":[{"embeddable":true,"href":"https:\/\/galeriaazur.art\/esp\/wp-json\/wp\/v2\/media\/253126"}],"wp:attachment":[{"href":"https:\/\/galeriaazur.art\/esp\/wp-json\/wp\/v2\/media?parent=253191"}],"wp:term":[{"taxonomy":"product_cat","embeddable":true,"href":"https:\/\/galeriaazur.art\/esp\/wp-json\/wp\/v2\/product_cat?post=253191"},{"taxonomy":"product_tag","embeddable":true,"href":"https:\/\/galeriaazur.art\/esp\/wp-json\/wp\/v2\/product_tag?post=253191"}],"curies":[{"name":"wp","href":"https:\/\/api.w.org\/{rel}","templated":true}]}}