{"id":355462,"date":"2024-11-20T20:16:39","date_gmt":"2024-11-20T23:16:39","guid":{"rendered":"https:\/\/galeriaazur.art\/?page_id=355462"},"modified":"2024-11-25T17:28:32","modified_gmt":"2024-11-25T20:28:32","slug":"terminos-y-condiciones-de-subastas-en-uruguay","status":"publish","type":"page","link":"https:\/\/galeriaazur.art\/esp\/uy\/terminos-y-condiciones-de-subastas-en-uruguay\/","title":{"rendered":"Terminos y condiciones de Subastas en Uruguay"},"content":{"rendered":"<p><strong><u>TERMINOS Y CONDICIONES<\/u><\/strong><\/p>\n<p>Por el solo hecho de participar en la subasta de Galeria Azur, ya sea de manera presencial, telef\u00f3nica, online (a trav\u00e9s de la generaci\u00f3n de un usuario) u oferta secreta bajo sobre, se entiende que el comprador \/ vendedor, ha le\u00eddo, aceptado y conoce los siguientes t\u00e9rminos y condiciones, aceptando toda responsabilidad por las compras\/ventas realizadas a trav\u00e9s de nuestras diferentes plataformas de venta.<\/p>\n<ol>\n<li>El precio de \u201cbase\u201d es acordado entre Galeria Azur y el consignante, entendi\u00e9ndose por precio \u201cbase\u201d el monto m\u00ednimo estimado, a partir del cual se podr\u00e1 poner a la venta la obra consignada.<\/li>\n<li>Galeria Azur se reserva el derecho de aplicar la escala de puja correspondiente en cada lote, bas\u00e1ndose en par\u00e1metros generales relacionados de forma directa a la BASE adjudicada a cada uno.<\/li>\n<li>Galer\u00eda Azur se reserva el derecho de retirar cualquier lote de la venta, as\u00ed como tambi\u00e9n el derecho de no seguir estrictamente el orden de venta establecido, teniendo adem\u00e1s absoluta libertad para resolver cualquier incidente que se produjera en el transcurso de la subasta, como podr\u00e1 tambi\u00e9n cancelar una puja en caso de considerarlo necesario.<\/li>\n<li>Qui\u00e9n haga la oferta m\u00e1s alta reconocida por el subastador, ser\u00e1 el comprador, en caso de disputa entre compradores, el subastador tendr\u00e1 la libertad absoluta de determinar el postor ganador, continuar la subasta, cancelar la operaci\u00f3n y\/o ofrecerlo de nuevo.<\/li>\n<li>El comprador deber\u00e1 abonar a Galeria Azur el valor final ofertado, sumada la comisi\u00f3n del 15% + IVA (22% grabado \u00fanicamente sobre la comisi\u00f3n), como as\u00ed tambi\u00e9n quedar\u00e1n a cargo del comprador gastos que surgieran por fletes, embalajes especiales, otros tributos y obligaciones si correspondieran.<\/li>\n<li>El comprador deber\u00e1 cancelar el pago total de lo adquirido y retirar las obras correspondientes, dentro de las 48 hs h\u00e1biles posteriores a la subasta, habi\u00e9ndose cumplido dicho plazo, Galer\u00eda Azur podr\u00e1 dar por rescindida la operaci\u00f3n con la p\u00e9rdida de las sumas entregadas por el comprador en concepto de se\u00f1a y\/o comisi\u00f3n, como as\u00ed tambi\u00e9n todo derecho sobre aquello que le fuera adjudicado en el curso de la subasta.<\/li>\n<li>Los costos que se generen por cualquier concepto luego de efectivizada la compra (ejemplos: embalaje, flete, seguro, almacenamiento, licencias, permisos de exportaci\u00f3n o importaci\u00f3n etc.) ser\u00e1n satisfechos \u00edntegramente por el comprador. Por compras desde el exterior consultar previamente a trav\u00e9s de los canales de contacto de Galeria Azur.<\/li>\n<li>Habiendo estado en exposici\u00f3n en Galer\u00eda Azur, las piezas a subastarse, para su correspondiente estudio y an\u00e1lisis, no se admitir\u00e1 reclamo alguno una vez bajado el martillo, ni se asume obligaci\u00f3n de garant\u00eda hacia el comprador respecto, \u00e9poca o estado, aver\u00eda u otro defecto, aunque no se hubiera detallado en el cat\u00e1logo o cualquier otro material publicado.<\/li>\n<li>Habiendo estado los lotes exhibidos el tiempo suficiente para su correspondiente estudio y an\u00e1lisis, Galeria Azur no acepta\u202fresponsabilidad alguna respecto de errores de descripci\u00f3n, catalogaci\u00f3n, autenticidad, autor, t\u00e9cnica, procedencia, \u00e9poca, medidas, estado, etc. debiendo por ello, los compradores, cerciorarse antes\u202fde la subasta o la compra de que la descripci\u00f3n concuerda con su opini\u00f3n personal asumiendo toda responsabilidad al momento de la compra, no acept\u00e1ndose luego reclamo alguno respecto de estos puntos.<\/li>\n<li>Medios de pago bancarizados a trav\u00e9s de Cuenta de la empresa en Banco Ita\u00fa.<\/li>\n<li>Todo importe expresado en pesos uruguayos, ser\u00e1 convertido a d\u00f3lares americanos a la cotizaci\u00f3n del tipo de cambio vigente a la fecha correspondiente que se generaron tales haberes<\/li>\n<li>Los \u201cderechos de autor\u201d se regir\u00e1n seg\u00fan lo preceptuado por la Ley 9739 y Decreto del Poder Ejecutivo 154\/2004 de 3\/5\/2004 y de corresponder, ser\u00e1n retenidos por Galer\u00eda Azur (agente de retenci\u00f3n) al vendedor de la obra de arte.<\/li>\n<li>Asimismo, y cuando corresponda, ser\u00e1 retenido del producido de la venta en remate, el Impuesto a la Renta de las Personas F\u00edsicas o el Impuesto a las Rentas de los No Residentes, seg\u00fan sea el caso, de acuerdo a lo establecido por la normativa vigente<\/li>\n<\/ol>\n<p>&nbsp;<\/p>\n<h4><strong>\u00a0\u00a0\u00a0\u00a0\u00a0\u00a0\u00a0 SI USTED CUENTA CON ALGUNA DUDA O CONSULTA, ANTES DE ACEPTAR ESTOS T\u00c9RMINOS Y CONDICIONES PUEDE ESCRIBIRNOS A: <\/strong>\u00a0INFOURUGUAY@GALERIAAZUR.COM<\/h4>","protected":false},"excerpt":{"rendered":"<p>TERMINOS Y CONDICIONES Por el solo hecho de participar en la subasta de Galeria Azur, ya sea de manera presencial, telef\u00f3nica, online (a trav\u00e9s de la generaci\u00f3n de un usuario) u oferta secreta bajo sobre, se entiende que el comprador \/ vendedor, ha le\u00eddo, aceptado y conoce los siguientes t\u00e9rminos y condiciones, aceptando toda responsabilidad [&hellip;]<\/p>","protected":false},"author":442,"featured_media":0,"parent":338994,"menu_order":0,"comment_status":"closed","ping_status":"closed","template":"","meta":{"_et_pb_use_builder":"","_et_pb_old_content":"","_et_gb_content_width":""},"acf":[],"_links":{"self":[{"href":"https:\/\/galeriaazur.art\/esp\/wp-json\/wp\/v2\/pages\/355462"}],"collection":[{"href":"https:\/\/galeriaazur.art\/esp\/wp-json\/wp\/v2\/pages"}],"about":[{"href":"https:\/\/galeriaazur.art\/esp\/wp-json\/wp\/v2\/types\/page"}],"author":[{"embeddable":true,"href":"https:\/\/galeriaazur.art\/esp\/wp-json\/wp\/v2\/users\/442"}],"replies":[{"embeddable":true,"href":"https:\/\/galeriaazur.art\/esp\/wp-json\/wp\/v2\/comments?post=355462"}],"version-history":[{"count":5,"href":"https:\/\/galeriaazur.art\/esp\/wp-json\/wp\/v2\/pages\/355462\/revisions"}],"predecessor-version":[{"id":356459,"href":"https:\/\/galeriaazur.art\/esp\/wp-json\/wp\/v2\/pages\/355462\/revisions\/356459"}],"up":[{"embeddable":true,"href":"https:\/\/galeriaazur.art\/esp\/wp-json\/wp\/v2\/pages\/338994"}],"wp:attachment":[{"href":"https:\/\/galeriaazur.art\/esp\/wp-json\/wp\/v2\/media?parent=355462"}],"curies":[{"name":"wp","href":"https:\/\/api.w.org\/{rel}","templated":true}]}}