{"id":352124,"date":"2024-10-31T00:46:34","date_gmt":"2024-10-31T03:46:34","guid":{"rendered":"https:\/\/galeriaazur.art\/?page_id=352124"},"modified":"2025-02-11T17:57:38","modified_gmt":"2025-02-11T20:57:38","slug":"amadeo-seguy","status":"publish","type":"page","link":"https:\/\/galeriaazur.art\/esp\/ar\/artists\/amadeo-seguy\/","title":{"rendered":"AMADEO SEGUY"},"content":{"rendered":"<p>[et_pb_section fb_built=&#8221;1&#8243; _builder_version=&#8221;4.17.3&#8243; _module_preset=&#8221;default&#8221; background_color=&#8221;#F7F7F7&#8243; saved_tabs=&#8221;all&#8221; global_colors_info=&#8221;{}&#8221;][et_pb_row _builder_version=&#8221;4.17.3&#8243; _module_preset=&#8221;default&#8221; width_tablet=&#8221;80%&#8221; width_phone=&#8221;80%&#8221; width_last_edited=&#8221;on|phone&#8221; global_colors_info=&#8221;{}&#8221;][et_pb_column type=&#8221;4_4&#8243; _builder_version=&#8221;4.17.3&#8243; _module_preset=&#8221;default&#8221; global_colors_info=&#8221;{}&#8221;][et_pb_text _builder_version=&#8221;4.18.0&#8243; _dynamic_attributes=&#8221;content&#8221; _module_preset=&#8221;default&#8221; text_font=&#8221;Montserrat|100||on|||||&#8221; text_font_size=&#8221;4vw&#8221; text_line_height=&#8221;1em&#8221; custom_margin=&#8221;||9px|||&#8221; text_font_size_tablet=&#8221;5vw&#8221; text_font_size_phone=&#8221;8vw&#8221; text_font_size_last_edited=&#8221;on|phone&#8221; global_colors_info=&#8221;{}&#8221;]@ET-DC@eyJkeW5hbWljIjp0cnVlLCJjb250ZW50IjoicG9zdF90aXRsZSIsInNldHRpbmdzIjp7ImJlZm9yZSI6IiIsImFmdGVyIjoiIn19@[\/et_pb_text][et_pb_text _builder_version=&#8221;4.18.0&#8243; _module_preset=&#8221;default&#8221; text_font=&#8221;Montserrat||||||||&#8221; text_font_size=&#8221;18px&#8221; custom_margin=&#8221;20px||||false|false&#8221; border_color_bottom=&#8221;#777777&#8243; global_colors_info=&#8221;{}&#8221;][\/et_pb_text][\/et_pb_column][\/et_pb_row][et_pb_row column_structure=&#8221;2_5,3_5&#8243; _builder_version=&#8221;4.17.3&#8243; _module_preset=&#8221;default&#8221; global_colors_info=&#8221;{}&#8221;][et_pb_column type=&#8221;2_5&#8243; _builder_version=&#8221;4.16&#8243; _module_preset=&#8221;default&#8221; global_colors_info=&#8221;{}&#8221;][et_pb_image src=&#8221;https:\/\/galeriaazur.art\/wp-content\/uploads\/2024\/12\/amadeo-seguy.jpeg&#8221; title_text=&#8221;amadeo seguy&#8221; _builder_version=&#8221;4.18.0&#8243; _module_preset=&#8221;default&#8221; global_colors_info=&#8221;{}&#8221;][\/et_pb_image][et_pb_blurb title=&#8221;INSTAGRAM&#8221; url_new_window=&#8221;on&#8221; image=&#8221;https:\/\/galeriaazur.art\/wp-content\/uploads\/2022\/06\/instagram-fav.png&#8221; icon_placement=&#8221;left&#8221; image_icon_width=&#8221;100%&#8221; _builder_version=&#8221;4.18.0&#8243; _module_preset=&#8221;default&#8221; header_font=&#8221;Montserrat||||||||&#8221; header_text_color=&#8221;#FFFFFF&#8221; header_font_size=&#8221;15px&#8221; display_conditions=&#8221;W10=&#8221; custom_margin=&#8221;||0px||false|false&#8221; filter_invert=&#8221;100%&#8221; link_option_url=&#8221;https:\/\/www.instagram.com\/amadeoseguy\/&#8221; link_option_url_new_window=&#8221;on&#8221; custom_css_blurb_title=&#8221;margin-top: 8px;||margin-left: -10px;&#8221; global_colors_info=&#8221;{}&#8221;][\/et_pb_blurb][\/et_pb_column][et_pb_column type=&#8221;3_5&#8243; _builder_version=&#8221;4.16&#8243; _module_preset=&#8221;default&#8221; global_colors_info=&#8221;{}&#8221;][et_pb_text _builder_version=&#8221;4.18.0&#8243; _module_preset=&#8221;default&#8221; display_conditions=&#8221;W10=&#8221; custom_margin=&#8221;||15px||false|false&#8221; global_colors_info=&#8221;{}&#8221;]<\/p>\n<h4>STATEMENT<\/h4>\n<p>[\/et_pb_text][et_pb_text _builder_version=&#8221;4.18.0&#8243; _module_preset=&#8221;default&#8221; custom_margin=&#8221;0px||60px||false|false&#8221; global_colors_info=&#8221;{}&#8221;]<\/p>\n<p>(Mendoza, Argentina. 1993) Amadeo Seguy presenta una serie de pinturas donde la figura humana es un veh\u00edculo para explorar la belleza de lo simple y lo cotidiano. En estas obras, las emociones fluyen en gestos sutiles y momentos fugaces: El amor, el deseo y la nostalgia se conjugan en escenas donde la simpleza se convierte en un valor esencial, despojando a lo mundano de artificios y revelando su profundidad po\u00e9tica.<\/p>\n<p>Las composiciones invitan a detenerse en lo aparentemente insignificante, las l\u00edneas capturan la esencia de experiencias comunes y universales. Aqu\u00ed, lo emocional y lo corporal coexisten sin jerarqu\u00edas, en equilibrio entre la intimidad y lo colectivo. Las pinturas de Seguy celebran la conexi\u00f3n humana y la fugacidad del momento, reafirmando que en lo cotidiano se halla una verdad eterna.<\/p>\n<p>El cielo, el sol, la luna y las estrellas , elementos recurrentes en las pinturas de Seguy, act\u00faan como un recordatorio constante de nuestra existencia en una peque\u00f1a porci\u00f3n del vasto universo. A trav\u00e9s de esta contemplaci\u00f3n, las obras sugieren un entendimiento filos\u00f3fico: al ser conscientes de la inmensidad que nos rodea, las cosas m\u00e1s sencillas adquieren un nuevo significado.<\/p>\n<p>El trabajo de Seguy resuena en el espectador mediante la simplicidad como punto de anclaje, demostrando que la belleza, muchas veces, radica en lo desapercibido: una caricia, un rayo de luz, o el eco de un pensamiento no dicho. La conexi\u00f3n entre lo \u00edntimo y lo c\u00f3smico invita al espectador a reflexionar sobre la trascendencia que habita en lo cotidiano, como si cada instante fuera una expresi\u00f3n del mismo orden que rige los astros.<\/p>\n<p>[\/et_pb_text][\/et_pb_column][\/et_pb_row][et_pb_row _builder_version=&#8221;4.17.3&#8243; _module_preset=&#8221;default&#8221; hover_enabled=&#8221;0&#8243; global_colors_info=&#8221;{}&#8221; sticky_enabled=&#8221;0&#8243;][et_pb_column type=&#8221;4_4&#8243; _builder_version=&#8221;4.17.3&#8243; _module_preset=&#8221;default&#8221; hover_enabled=&#8221;0&#8243; global_colors_info=&#8221;{}&#8221; sticky_enabled=&#8221;0&#8243;][et_pb_shop type=&#8221;product_category&#8221; include_categories=&#8221;98,396&#8243; _builder_version=&#8221;4.18.0&#8243; _module_preset=&#8221;default&#8221; hover_enabled=&#8221;0&#8243; global_colors_info=&#8221;{}&#8221; sticky_enabled=&#8221;0&#8243;][\/et_pb_shop][\/et_pb_column][\/et_pb_row][\/et_pb_section]<\/p>","protected":false},"excerpt":{"rendered":"<p>STATEMENT(Mendoza, Argentina. 1993) Amadeo Seguy presenta una serie de pinturas donde la figura humana es un veh\u00edculo para explorar la belleza de lo simple y lo cotidiano. En estas obras, las emociones fluyen en gestos sutiles y momentos fugaces: El amor, el deseo y la nostalgia se conjugan en escenas donde la simpleza se convierte [&hellip;]<\/p>","protected":false},"author":1,"featured_media":0,"parent":352391,"menu_order":0,"comment_status":"closed","ping_status":"closed","template":"","meta":{"_et_pb_use_builder":"on","_et_pb_old_content":"","_et_gb_content_width":""},"acf":[],"_links":{"self":[{"href":"https:\/\/galeriaazur.art\/esp\/wp-json\/wp\/v2\/pages\/352124"}],"collection":[{"href":"https:\/\/galeriaazur.art\/esp\/wp-json\/wp\/v2\/pages"}],"about":[{"href":"https:\/\/galeriaazur.art\/esp\/wp-json\/wp\/v2\/types\/page"}],"author":[{"embeddable":true,"href":"https:\/\/galeriaazur.art\/esp\/wp-json\/wp\/v2\/users\/1"}],"replies":[{"embeddable":true,"href":"https:\/\/galeriaazur.art\/esp\/wp-json\/wp\/v2\/comments?post=352124"}],"version-history":[{"count":26,"href":"https:\/\/galeriaazur.art\/esp\/wp-json\/wp\/v2\/pages\/352124\/revisions"}],"predecessor-version":[{"id":364241,"href":"https:\/\/galeriaazur.art\/esp\/wp-json\/wp\/v2\/pages\/352124\/revisions\/364241"}],"up":[{"embeddable":true,"href":"https:\/\/galeriaazur.art\/esp\/wp-json\/wp\/v2\/pages\/352391"}],"wp:attachment":[{"href":"https:\/\/galeriaazur.art\/esp\/wp-json\/wp\/v2\/media?parent=352124"}],"curies":[{"name":"wp","href":"https:\/\/api.w.org\/{rel}","templated":true}]}}

<p>[et_pb_section fb_built=&#8221;1&#8243; _builder_version=&#8221;4.17.3&#8243; _module_preset=&#8221;default&#8221; background_color=&#8221;#F7F7F7&#8243; saved_tabs=&#8221;all&#8221; global_colors_info=&#8221;{}&#8221;][et_pb_row _builder_version=&#8221;4.17.3&#8243; _module_preset=&#8221;default&#8221; width_tablet=&#8221;80%&#8221; width_phone=&#8221;80%&#8221; width_last_edited=&#8221;on|phone&#8221; global_colors_info=&#8221;{}&#8221;][et_pb_column type=&#8221;4_4&#8243; _builder_version=&#8221;4.17.3&#8243; _module_preset=&#8221;default&#8221; global_colors_info=&#8221;{}&#8221;][et_pb_text _builder_version=&#8221;4.18.0&#8243; _dynamic_attributes=&#8221;content&#8221; _module_preset=&#8221;default&#8221; text_font=&#8221;Montserrat|100||on|||||&#8221; text_font_size=&#8221;4vw&#8221; text_line_height=&#8221;1em&#8221; custom_margin=&#8221;||9px|||&#8221; text_font_size_tablet=&#8221;5vw&#8221; text_font_size_phone=&#8221;8vw&#8221; text_font_size_last_edited=&#8221;on|phone&#8221; global_colors_info=&#8221;{}&#8221;]@ET-DC@eyJkeW5hbWljIjp0cnVlLCJjb250ZW50IjoicG9zdF90aXRsZSIsInNldHRpbmdzIjp7ImJlZm9yZSI6IiIsImFmdGVyIjoiIn19@[/et_pb_text][et_pb_text _builder_version=&#8221;4.18.0&#8243; _module_preset=&#8221;default&#8221; text_font=&#8221;Montserrat||||||||&#8221; text_font_size=&#8221;18px&#8221; custom_margin=&#8221;20px||||false|false&#8221; border_color_bottom=&#8221;#777777&#8243; global_colors_info=&#8221;{}&#8221;][/et_pb_text][/et_pb_column][/et_pb_row][et_pb_row column_structure=&#8221;2_5,3_5&#8243; _builder_version=&#8221;4.17.3&#8243; _module_preset=&#8221;default&#8221; global_colors_info=&#8221;{}&#8221;][et_pb_column type=&#8221;2_5&#8243; _builder_version=&#8221;4.16&#8243; _module_preset=&#8221;default&#8221; global_colors_info=&#8221;{}&#8221;][et_pb_image src=&#8221;https://galeriaazur.art/wp-content/uploads/2024/12/amadeo-seguy.jpeg&#8221; title_text=&#8221;amadeo seguy&#8221; _builder_version=&#8221;4.18.0&#8243; _module_preset=&#8221;default&#8221; global_colors_info=&#8221;{}&#8221;][/et_pb_image][et_pb_blurb title=&#8221;INSTAGRAM&#8221; url_new_window=&#8221;on&#8221; image=&#8221;https://galeriaazur.art/wp-content/uploads/2022/06/instagram-fav.png&#8221; icon_placement=&#8221;left&#8221; image_icon_width=&#8221;100%&#8221; _builder_version=&#8221;4.18.0&#8243; _module_preset=&#8221;default&#8221; header_font=&#8221;Montserrat||||||||&#8221; header_text_color=&#8221;#FFFFFF&#8221; header_font_size=&#8221;15px&#8221; display_conditions=&#8221;W10=&#8221; custom_margin=&#8221;||0px||false|false&#8221; filter_invert=&#8221;100%&#8221; link_option_url=&#8221;https://www.instagram.com/amadeoseguy/&#8221; link_option_url_new_window=&#8221;on&#8221; custom_css_blurb_title=&#8221;margin-top: 8px;||margin-left: -10px;&#8221; global_colors_info=&#8221;{}&#8221;][/et_pb_blurb][/et_pb_column][et_pb_column type=&#8221;3_5&#8243; _builder_version=&#8221;4.16&#8243; _module_preset=&#8221;default&#8221; global_colors_info=&#8221;{}&#8221;][et_pb_text _builder_version=&#8221;4.18.0&#8243; _module_preset=&#8221;default&#8221; display_conditions=&#8221;W10=&#8221; custom_margin=&#8221;||15px||false|false&#8221; global_colors_info=&#8221;{}&#8221;]</p>
<h4>STATEMENT</h4>
<p>[/et_pb_text][et_pb_text _builder_version=&#8221;4.18.0&#8243; _module_preset=&#8221;default&#8221; custom_margin=&#8221;0px||60px||false|false&#8221; global_colors_info=&#8221;{}&#8221;]</p>
<p>(Mendoza, Argentina. 1993) Amadeo Seguy presenta una serie de pinturas donde la figura humana es un vehículo para explorar la belleza de lo simple y lo cotidiano. En estas obras, las emociones fluyen en gestos sutiles y momentos fugaces: El amor, el deseo y la nostalgia se conjugan en escenas donde la simpleza se convierte en un valor esencial, despojando a lo mundano de artificios y revelando su profundidad poética.</p>
<p>Las composiciones invitan a detenerse en lo aparentemente insignificante, las líneas capturan la esencia de experiencias comunes y universales. Aquí, lo emocional y lo corporal coexisten sin jerarquías, en equilibrio entre la intimidad y lo colectivo. Las pinturas de Seguy celebran la conexión humana y la fugacidad del momento, reafirmando que en lo cotidiano se halla una verdad eterna.</p>
<p>El cielo, el sol, la luna y las estrellas , elementos recurrentes en las pinturas de Seguy, actúan como un recordatorio constante de nuestra existencia en una pequeña porción del vasto universo. A través de esta contemplación, las obras sugieren un entendimiento filosófico: al ser conscientes de la inmensidad que nos rodea, las cosas más sencillas adquieren un nuevo significado.</p>
<p>El trabajo de Seguy resuena en el espectador mediante la simplicidad como punto de anclaje, demostrando que la belleza, muchas veces, radica en lo desapercibido: una caricia, un rayo de luz, o el eco de un pensamiento no dicho. La conexión entre lo íntimo y lo cósmico invita al espectador a reflexionar sobre la trascendencia que habita en lo cotidiano, como si cada instante fuera una expresión del mismo orden que rige los astros.</p>
<p>[/et_pb_text][/et_pb_column][/et_pb_row][et_pb_row _builder_version=&#8221;4.17.3&#8243; _module_preset=&#8221;default&#8221; hover_enabled=&#8221;0&#8243; global_colors_info=&#8221;{}&#8221; sticky_enabled=&#8221;0&#8243;][et_pb_column type=&#8221;4_4&#8243; _builder_version=&#8221;4.17.3&#8243; _module_preset=&#8221;default&#8221; hover_enabled=&#8221;0&#8243; global_colors_info=&#8221;{}&#8221; sticky_enabled=&#8221;0&#8243;][et_pb_shop type=&#8221;product_category&#8221; include_categories=&#8221;98,396&#8243; _builder_version=&#8221;4.18.0&#8243; _module_preset=&#8221;default&#8221; hover_enabled=&#8221;0&#8243; global_colors_info=&#8221;{}&#8221; sticky_enabled=&#8221;0&#8243;][/et_pb_shop][/et_pb_column][/et_pb_row][/et_pb_section]</p>

<p>STATEMENT(Mendoza, Argentina. 1993) Amadeo Seguy presenta una serie de pinturas donde la figura humana es un vehículo para explorar la belleza de lo simple y lo cotidiano. En estas obras, las emociones fluyen en gestos sutiles y momentos fugaces: El amor, el deseo y la nostalgia se conjugan en escenas donde la simpleza se convierte [&hellip;]</p>
